{"id":792,"date":"2025-08-30T15:44:51","date_gmt":"2025-08-30T15:44:51","guid":{"rendered":"https:\/\/www.poliklinikavukovic.com\/ljekarna\/?post_type=product&#038;p=792"},"modified":"2025-08-30T15:44:51","modified_gmt":"2025-08-30T15:44:51","slug":"trichomist","status":"publish","type":"product","link":"https:\/\/www.poliklinikavukovic.com\/ljekarna\/proizvod\/trichomist\/","title":{"rendered":"Trichomist"},"content":{"rendered":"<p class=\"text-body font-regular leading-[24px] pt-[9px] pb-xxs\" dir=\"ltr\"><b><strong class=\"font-semibold\">Trichomist<\/strong><\/b> je inovativan sprej protiv opadanja kose koji je formuliran pomo\u0107u prirodnih biljnih ekstrakta. Ovaj proizvod je posebno dizajniran za stimulaciju rasta kose i ja\u010danje korijena kose kod mu\u0161karaca i \u017eena koji se bore s problemom gubitka kose.<\/p>\n<p class=\"text-body font-regular leading-[24px] pt-[9px] pb-xxs\" dir=\"ltr\">Sprej djeluje direktno na vlasi\u0161te, pru\u017eaju\u0107i potrebne hranjive tvari folikulima kose i pobolj\u0161avaju\u0107i cirkulaciju krvi u tom podru\u010dju. Jednostavan je za kori\u0161tenje i ne ostavlja masne tragove na kosi ili vlasi\u0161tu.<\/p>\n<h2 class=\"font-semibold pdf-heading-class-replace text-h3 leading-[40px] pb-xxs [&amp;:not(:first-child)]:pt-[21px] [&amp;_a]:underline-offset-[6px] [&amp;_.underline]:underline-offset-[6px]\" dir=\"ltr\">Kako djeluje Trichomist?<\/h2>\n<p class=\"text-body font-regular leading-[24px] pt-[9px] pb-xxs\" dir=\"ltr\">Trichomist djeluje kroz nekoliko klju\u010dnih mehanizma koji zajedno pridonose zdravlju kose i vlasi\u0161ta:<\/p>\n<p class=\"text-body font-regular leading-[24px] pt-[9px] pb-xxs\" dir=\"ltr\"><b><strong class=\"font-semibold\">Stimulacija krvotoka<\/strong><\/b> &#8211; Aktivni sastojci pobolj\u0161avaju mikrocirkulaciju u vlasi\u0161tu, \u0161to osigurava bolju dostavu kisika i hranjivih tvari do korijena kose.<\/p>\n<p class=\"text-body font-regular leading-[24px] pt-[9px] pb-xxs\" dir=\"ltr\"><b><strong class=\"font-semibold\">Ja\u010danje folikula<\/strong><\/b> &#8211; Formula penetrira duboko u vlasi\u0161te i ja\u010da folikule kose, \u010dine\u0107i ih otpornijima na opadanje.<\/p>\n<p class=\"text-body font-regular leading-[24px] pt-[9px] pb-xxs\" dir=\"ltr\"><b><strong class=\"font-semibold\">Regeneracija tkiva<\/strong><\/b> &#8211; Prirodni ekstrakti poma\u017eu u regeneraciji o\u0161te\u0107enih tkiva vlasi\u0161ta i poti\u010du rast novih vlasi\u0107a.<\/p>\n<p class=\"text-body font-regular leading-[24px] pt-[9px] pb-xxs\" dir=\"ltr\"><b><strong class=\"font-semibold\">Balansiranje pH vrijednosti<\/strong><\/b> &#8211; Sprej poma\u017ee u odr\u017eavanju optimalne pH vrijednosti vlasi\u0161ta, \u0161to je klju\u010dno za zdravlje kose.<\/p>\n<h2 class=\"font-semibold pdf-heading-class-replace text-h3 leading-[40px] pb-xxs [&amp;:not(:first-child)]:pt-[21px] [&amp;_a]:underline-offset-[6px] [&amp;_.underline]:underline-offset-[6px]\" dir=\"ltr\">Trichomist Sastav<\/h2>\n<p class=\"text-body font-regular leading-[24px] pt-[9px] pb-xxs\" dir=\"ltr\">Trichomist sadr\u017ei pa\u017eljivo odabrane prirodne sastojke koji su poznati po svojim blagotvornima svojstvima za kosu:<\/p>\n<p class=\"text-body font-regular leading-[24px] pt-[9px] pb-xxs\" dir=\"ltr\"><b><strong class=\"font-semibold\">Li\u0161\u0107e \u0161afranike<\/strong><\/b> &#8211; bogato je antioksidansima koji \u0161tite vlasi\u0161te od slobodnih radikala i poti\u010du regeneraciju stanica. Ovaj sastojak tako\u0111er ima protuupalna svojstva koja mogu smiriti iritaciju vlasi\u0161ta.<\/p>\n<p class=\"text-body font-regular leading-[24px] pt-[9px] pb-xxs\" dir=\"ltr\"><b><strong class=\"font-semibold\">Cvijet crnog sljeza<\/strong><\/b> &#8211; sadr\u017ei mucilage koji hidratiziraju vlasi\u0161te i kosu, sprje\u010davaju\u0107i suho\u0107u i lomljivost. Tako\u0111er poma\u017ee u stvaranju za\u0161titnog sloja na vlasi\u0161tu.<\/p>\n<p class=\"text-body font-regular leading-[24px] pt-[9px] pb-xxs\" dir=\"ltr\"><b><strong class=\"font-semibold\">Korijen bijelog sljeza<\/strong><\/b> &#8211; poznat je po svojim umiruju\u0107im i hidratantnim svojstvima. Poma\u017ee u smanjenju upale i podr\u017eava prirodnu barijeru vlasi\u0161ta.<\/p>\n<p class=\"text-body font-regular leading-[24px] pt-[9px] pb-xxs\" dir=\"ltr\"><b><strong class=\"font-semibold\">Korijen sladi\u0107a<\/strong><\/b> &#8211; sadr\u017ei spojeve koji mogu pomo\u0107i u regulaciji hormonalne ravnote\u017ee na vlasi\u0161tu i imaju antimikrobna svojstva koja \u010duvaju vlasi\u0161te od infekcija.<\/p>\n<p class=\"text-body font-regular leading-[24px] pt-[9px] pb-xxs\" dir=\"ltr\"><b><strong class=\"font-semibold\">Plod komora\u010da<\/strong><\/b> &#8211; bogat je esencijalnim uljima i vitaminima koji hranjuju folikule kose i poti\u010du cirkulaciju krvi u vlasi\u0161tu.<\/p>\n<h2 class=\"font-semibold pdf-heading-class-replace text-h3 leading-[40px] pb-xxs [&amp;:not(:first-child)]:pt-[21px] [&amp;_a]:underline-offset-[6px] [&amp;_.underline]:underline-offset-[6px]\" dir=\"ltr\">Trichomist U\u010dinci i Dobrobiti<\/h2>\n<p class=\"text-body font-regular leading-[24px] pt-[9px] pb-xxs\" dir=\"ltr\">Redovita uporaba Trichomist spreja mo\u017ee donijeti brojne prednosti:<\/p>\n<p class=\"text-body font-regular leading-[24px] pt-[9px] pb-xxs\" dir=\"ltr\"><b><strong class=\"font-semibold\">Smanjeno opadanje kose<\/strong><\/b> &#8211; Ve\u0107 nakon nekoliko tjedana kori\u0161tenja, korisnici primje\u0107uju zna\u010dajno smanjenje koli\u010dine kose koja opada.<\/p>\n<p class=\"text-body font-regular leading-[24px] pt-[9px] pb-xxs\" dir=\"ltr\"><b><strong class=\"font-semibold\">Pobolj\u0161an rast kose<\/strong><\/b> &#8211; Stimulacija folikula rezultira br\u017eim rastom novih vlasi\u0107a i pove\u0107anjem gusto\u0107e kose.<\/p>\n<p class=\"text-body font-regular leading-[24px] pt-[9px] pb-xxs\" dir=\"ltr\"><b><strong class=\"font-semibold\">Ja\u010da i zdravija kosa<\/strong><\/b> &#8211; Hranjivi sastojci ja\u010daju strukturu kose, \u010dine\u0107i je manje sklonom lomljenju.<\/p>\n<p class=\"text-body font-regular leading-[24px] pt-[9px] pb-xxs\" dir=\"ltr\"><b><strong class=\"font-semibold\">Pobolj\u0161ano stanje vlasi\u0161ta<\/strong><\/b> &#8211; Sprej poma\u017ee u odr\u017eavanju zdrave mikroflore vlasi\u0161ta i smanjuje probleme poput peruti.<\/p>\n<p class=\"text-body font-regular leading-[24px] pt-[9px] pb-xxs\" dir=\"ltr\"><b><strong class=\"font-semibold\">Prirodni sjaj<\/strong><\/b> &#8211; Kosa postaje sjajnija i mekanija na dodir.<\/p>\n<h2 class=\"font-semibold pdf-heading-class-replace text-h3 leading-[40px] pb-xxs [&amp;:not(:first-child)]:pt-[21px] [&amp;_a]:underline-offset-[6px] [&amp;_.underline]:underline-offset-[6px]\" dir=\"ltr\">Trichomist Upute Za Kori\u0161tenje<\/h2>\n<p class=\"text-body font-regular leading-[24px] pt-[9px] pb-xxs\" dir=\"ltr\">Kori\u0161tenje Trichomist spreja jednostavno je i prakti\u010dno:<\/p>\n<ol class=\"pt-[9px] pb-xxs pl-5xl list-decimal\">\n<li class=\"text-body font-regular leading-[24px] my-[5px] [&amp;&gt;ol]:!pt-0 [&amp;&gt;ol]:!pb-0 [&amp;&gt;ul]:!pt-0 [&amp;&gt;ul]:!pb-0\" dir=\"ltr\" value=\"1\"><b><strong class=\"font-semibold\">O\u010distite vlasi\u0161te<\/strong><\/b> &#8211; Prije primjene, o\u010distite vlasi\u0161te i kosu blagim \u0161amponom<\/li>\n<li class=\"text-body font-regular leading-[24px] my-[5px] [&amp;&gt;ol]:!pt-0 [&amp;&gt;ol]:!pb-0 [&amp;&gt;ul]:!pt-0 [&amp;&gt;ul]:!pb-0\" dir=\"ltr\" value=\"2\"><b><strong class=\"font-semibold\">Aplicirajte sprej<\/strong><\/b> &#8211; Ravnomjerno nanesite sprej na suho ili vla\u017eno vlasi\u0161te, fokusiraju\u0107i se na podru\u010dja s rijetkom kosom<\/li>\n<li class=\"text-body font-regular leading-[24px] my-[5px] [&amp;&gt;ol]:!pt-0 [&amp;&gt;ol]:!pb-0 [&amp;&gt;ul]:!pt-0 [&amp;&gt;ul]:!pb-0\" dir=\"ltr\" value=\"3\"><b><strong class=\"font-semibold\">Masirajte<\/strong><\/b> &#8211; Nje\u017eno umasirajte proizvod u vlasi\u0161te kru\u017enim pokretima 2-3 minute<\/li>\n<li class=\"text-body font-regular leading-[24px] my-[5px] [&amp;&gt;ol]:!pt-0 [&amp;&gt;ol]:!pb-0 [&amp;&gt;ul]:!pt-0 [&amp;&gt;ul]:!pb-0\" dir=\"ltr\" value=\"4\"><b><strong class=\"font-semibold\">Ne ispirajte<\/strong><\/b> &#8211; Ostavite proizvod da djeluje, ne ispirajte ga<\/li>\n<li class=\"text-body font-regular leading-[24px] my-[5px] [&amp;&gt;ol]:!pt-0 [&amp;&gt;ol]:!pb-0 [&amp;&gt;ul]:!pt-0 [&amp;&gt;ul]:!pb-0\" dir=\"ltr\" value=\"5\"><b><strong class=\"font-semibold\">Redovita uporaba<\/strong><\/b> &#8211; Koristite sprej 2 puta dnevno, ujutro i nave\u010der<\/li>\n<\/ol>\n<h2 class=\"font-semibold pdf-heading-class-replace text-h3 leading-[40px] pb-xxs [&amp;:not(:first-child)]:pt-[21px] [&amp;_a]:underline-offset-[6px] [&amp;_.underline]:underline-offset-[6px]\" dir=\"ltr\">Trichomist Kontraindikacije i Nuspojave<\/h2>\n<p class=\"text-body font-regular leading-[24px] pt-[9px] pb-xxs\" dir=\"ltr\">Trichomist je siguran prirodni proizvod bez poznaitih nuspojava. Formuliran je od prirodnih sastojaka koji su nje\u017eni prema ko\u017ei i vlasi\u0161tu.<\/p>\n<p class=\"text-body font-regular leading-[24px] pt-[9px] pb-xxs\" dir=\"ltr\">Ipak, proizvod <b><strong class=\"font-semibold\">nije namijenjen sljede\u0107im kategorijama<\/strong><\/b>:<\/p>\n<ul class=\"pt-[9px] pb-xxs pl-5xl list-disc pt-[5px]\">\n<li class=\"text-body font-regular leading-[24px] my-[5px] [&amp;&gt;ol]:!pt-0 [&amp;&gt;ol]:!pb-0 [&amp;&gt;ul]:!pt-0 [&amp;&gt;ul]:!pb-0\" dir=\"ltr\" value=\"1\">Djeca mla\u0111a od 18 godina<\/li>\n<li class=\"text-body font-regular leading-[24px] my-[5px] [&amp;&gt;ol]:!pt-0 [&amp;&gt;ol]:!pb-0 [&amp;&gt;ul]:!pt-0 [&amp;&gt;ul]:!pb-0\" dir=\"ltr\" value=\"2\">Trudnice i dojilje<\/li>\n<li class=\"text-body font-regular leading-[24px] my-[5px] [&amp;&gt;ol]:!pt-0 [&amp;&gt;ol]:!pb-0 [&amp;&gt;ul]:!pt-0 [&amp;&gt;ul]:!pb-0\" dir=\"ltr\" value=\"3\">Osobe s kroni\u010dnim bolestima ko\u017ee<\/li>\n<li class=\"text-body font-regular leading-[24px] my-[5px] [&amp;&gt;ol]:!pt-0 [&amp;&gt;ol]:!pb-0 [&amp;&gt;ul]:!pt-0 [&amp;&gt;ul]:!pb-0\" dir=\"ltr\" value=\"4\">Osobe s poznatim alergijama na bilo koji od sastojaka<\/li>\n<\/ul>\n<p class=\"text-body font-regular leading-[24px] pt-[9px] pb-xxs\" dir=\"ltr\">Preporu\u010duje se testiranje na malom podru\u010dju ko\u017ee prije prve uporabe.<\/p>\n<h2 class=\"font-semibold pdf-heading-class-replace text-h3 leading-[40px] pb-xxs [&amp;:not(:first-child)]:pt-[21px] [&amp;_a]:underline-offset-[6px] [&amp;_.underline]:underline-offset-[6px]\" dir=\"ltr\">Trichomist Iskustva<\/h2>\n<p class=\"text-body font-regular leading-[24px] pt-[9px] pb-xxs\" dir=\"ltr\">Korisni\u010dca iskustva s Trichomist sprejom su iznimno pozitivna. Evo nekoliko autenti\u010dnih komentara korisnika:<\/p>\n<p class=\"text-body font-regular leading-[24px] pt-[9px] pb-xxs\" dir=\"ltr\"><b><strong class=\"font-semibold\">Marija, 34 godine<\/strong><\/b>: <i><em class=\"italic\">&#8220;Nakon 2 mjeseca kori\u0161tenja Trichomist spreja primijetila sam zna\u010dajno smanjenje opadanja kose. Tako\u0111er, nova kosa po\u010dela je rasti na mjestima gdje je prije bila rijetka. Definitivno preporu\u010dujem!&#8221;<\/em><\/i><\/p>\n<p class=\"text-body font-regular leading-[24px] pt-[9px] pb-xxs\" dir=\"ltr\"><b><strong class=\"font-semibold\">Tomislav, 42 godine<\/strong><\/b>: <i><em class=\"italic\">&#8220;Koristim Trichomist ve\u0107 3 mjeseca i rezultati su nevjerojatni. Kosa mi je postala gu\u0161\u0107a i zdravija. Jednostavan je za kori\u0161tenje i nema neugodan miris.&#8221;<\/em><\/i><\/p>\n<p class=\"text-body font-regular leading-[24px] pt-[9px] pb-xxs\" dir=\"ltr\"><b><strong class=\"font-semibold\">Ana, 29 godina<\/strong><\/b>: <i><em class=\"italic\">&#8220;Oduvijek sam se borila s tankom kosom. Trichomist mi je pomogao da dobijem volumen i gusto\u0107u o kojima sam sanjala. Proizvod stvarno radi!&#8221;<\/em><\/i><\/p>\n<h2 class=\"font-semibold pdf-heading-class-replace text-h3 leading-[40px] pb-xxs [&amp;:not(:first-child)]:pt-[21px] [&amp;_a]:underline-offset-[6px] [&amp;_.underline]:underline-offset-[6px]\" dir=\"ltr\">Gdje kupiti Trichomist u Hrvatskoj? Ljekarna, DM, Nju\u0161kalo<\/h2>\n<p class=\"text-body font-regular leading-[24px] pt-[9px] pb-xxs\" dir=\"ltr\">Trichomist se <b><strong class=\"font-semibold\">mo\u017ee kupiti isklju\u010divo na web stranici proizvo\u0111a\u010da<\/strong><\/b>. Proizvod nije dostupan u ljekaranam, DM-u, Nju\u0161kalu ili drugim trgovinskim lancima.<\/p>\n<p class=\"text-body font-regular leading-[24px] pt-[9px] pb-xxs\" dir=\"ltr\">Razlog za ovakav pristup prodaji je:<\/p>\n<ul class=\"pt-[9px] pb-xxs pl-5xl list-disc pt-[5px]\">\n<li class=\"text-body font-regular leading-[24px] my-[5px] [&amp;&gt;ol]:!pt-0 [&amp;&gt;ol]:!pb-0 [&amp;&gt;ul]:!pt-0 [&amp;&gt;ul]:!pb-0\" dir=\"ltr\" value=\"1\"><b><strong class=\"font-semibold\">Garancija originalnosti<\/strong><\/b> &#8211; Kupnja direktno od proizvo\u0111a\u010da jam\u010di da \u0107ete dobiti originalan proizvod<\/li>\n<li class=\"text-body font-regular leading-[24px] my-[5px] [&amp;&gt;ol]:!pt-0 [&amp;&gt;ol]:!pb-0 [&amp;&gt;ul]:!pt-0 [&amp;&gt;ul]:!pb-0\" dir=\"ltr\" value=\"2\"><b><strong class=\"font-semibold\">Kontrola kvalitete<\/strong><\/b> &#8211; Proizvo\u0111a\u010d mo\u017ee kontrolirati uvjete skladi\u0161tenja i transport<\/li>\n<li class=\"text-body font-regular leading-[24px] my-[5px] [&amp;&gt;ol]:!pt-0 [&amp;&gt;ol]:!pb-0 [&amp;&gt;ul]:!pt-0 [&amp;&gt;ul]:!pb-0\" dir=\"ltr\" value=\"3\"><b><strong class=\"font-semibold\">Bolja cijena<\/strong><\/b> &#8211; Eliminacijom posrednika, cijena je pristupa\u010dnija za krajnje korisnike<\/li>\n<li class=\"text-body font-regular leading-[24px] my-[5px] [&amp;&gt;ol]:!pt-0 [&amp;&gt;ol]:!pb-0 [&amp;&gt;ul]:!pt-0 [&amp;&gt;ul]:!pb-0\" dir=\"ltr\" value=\"4\"><b><strong class=\"font-semibold\">Izravna podr\u0161ka<\/strong><\/b> &#8211; Kupci mogu dobiti direktnu podr\u0161ku od stru\u010dnog tima proizvo\u0111a\u010da<\/li>\n<\/ul>\n<h2 class=\"font-semibold pdf-heading-class-replace text-h3 leading-[40px] pb-xxs [&amp;:not(:first-child)]:pt-[21px] [&amp;_a]:underline-offset-[6px] [&amp;_.underline]:underline-offset-[6px]\" dir=\"ltr\">Koliko ko\u0161ta Trichomist? Cijena?<\/h2>\n<p class=\"text-body font-regular leading-[24px] pt-[9px] pb-xxs\" dir=\"ltr\">Cijena Trichomist spreja iznosi <b><strong class=\"font-semibold\">39 EUR<\/strong><\/b> po bo\u010dici. Ova cijena uklju\u010duje:<\/p>\n<ul class=\"pt-[9px] pb-xxs pl-5xl list-disc pt-[5px]\">\n<li class=\"text-body font-regular leading-[24px] my-[5px] [&amp;&gt;ol]:!pt-0 [&amp;&gt;ol]:!pb-0 [&amp;&gt;ul]:!pt-0 [&amp;&gt;ul]:!pb-0\" dir=\"ltr\" value=\"1\">Originalnan proizvod s garancijom kvalitete<\/li>\n<li class=\"text-body font-regular leading-[24px] my-[5px] [&amp;&gt;ol]:!pt-0 [&amp;&gt;ol]:!pb-0 [&amp;&gt;ul]:!pt-0 [&amp;&gt;ul]:!pb-0\" dir=\"ltr\" value=\"2\">Besplatnu dostavu u Hrvatskoj<\/li>\n<li class=\"text-body font-regular leading-[24px] my-[5px] [&amp;&gt;ol]:!pt-0 [&amp;&gt;ol]:!pb-0 [&amp;&gt;ul]:!pt-0 [&amp;&gt;ul]:!pb-0\" dir=\"ltr\" value=\"3\">Mogu\u0107nost povrata novca ako niste zadovoljni rezultatom<\/li>\n<li class=\"text-body font-regular leading-[24px] my-[5px] [&amp;&gt;ol]:!pt-0 [&amp;&gt;ol]:!pb-0 [&amp;&gt;ul]:!pt-0 [&amp;&gt;ul]:!pb-0\" dir=\"ltr\" value=\"4\">Stru\u010dnu podr\u0161ku putem telefona ili e-maila<\/li>\n<\/ul>\n<p class=\"text-body font-regular leading-[24px] pt-[9px] pb-xxs\" dir=\"ltr\">Uzimaju\u0107i u obzir prirodan sastav i efikasnost proizvoda, ova cijena predstavlja izvrsnu vrijednost za novac.<\/p>\n<h2 class=\"font-semibold pdf-heading-class-replace text-h3 leading-[40px] pb-xxs [&amp;:not(:first-child)]:pt-[21px] [&amp;_a]:underline-offset-[6px] [&amp;_.underline]:underline-offset-[6px]\" dir=\"ltr\">\u010cesto postavljana pitanja<\/h2>\n<p class=\"text-body font-regular leading-[24px] pt-[9px] pb-xxs\" dir=\"ltr\"><b><strong class=\"font-semibold\">Koliko dugo treba koristiti Trichomist da se vide rezultati?<\/strong><\/b><br \/>\nPrvu promjene mogu se primijetiti ve\u0107 nakon 2-3 tjedna redovite uporabe, dok se zna\u010dajni rezultati obi\u010dno vide nakon 2-3 mjeseca.<\/p>\n<p class=\"text-body font-regular leading-[24px] pt-[9px] pb-xxs\" dir=\"ltr\"><b><strong class=\"font-semibold\">Mogu li koristiti Trichomist s drugim proizvodima za kosu?<\/strong><\/b><br \/>\nDa, Trichomist je kompatibilan s drugim proizvodima za njegu kose i ne interferira s njihovim djelovanjem.<\/p>\n<p class=\"text-body font-regular leading-[24px] pt-[9px] pb-xxs\" dir=\"ltr\"><b><strong class=\"font-semibold\">Je li Trichomist pogodan za sve tipove kose?<\/strong><\/b><br \/>\nDa, sprej je formuliran za sve tipove kose i vlasi\u0161ta, uklju\u010duju\u0107i osjetljivu ko\u017eu.<\/p>\n<p class=\"text-body font-regular leading-[24px] pt-[9px] pb-xxs\" dir=\"ltr\"><b><strong class=\"font-semibold\">\u0160to ako nisam zadovoljan rezultatima?<\/strong><\/b><br \/>\nProizvo\u0111a\u010d nudi garanciju povrata novca ako nakon 60 dana kori\u0161tenja niste zadovoljni rezultatima.<\/p>\n","protected":false},"excerpt":{"rendered":"<p>Trichomist je inovativan sprej protiv opadanja kose koji je formuliran pomo\u0107u prirodnih biljnih ekstrakta. Ovaj proizvod je posebno dizajniran za stimulaciju rasta kose i ja\u010danje korijena kose kod mu\u0161karaca i \u017eena koji se bore s problemom gubitka kose. Sprej djeluje direktno na vlasi\u0161te, pru\u017eaju\u0107i potrebne hranjive tvari folikulima kose i pobolj\u0161avaju\u0107i cirkulaciju krvi u tom&#8230;<\/p>\n","protected":false},"featured_media":793,"template":"","meta":{"_kad_post_transparent":"default","_kad_post_title":"","_kad_post_layout":"default","_kad_post_sidebar_id":"","_kad_post_content_style":"default","_kad_post_vertical_padding":"default","_kad_post_feature":"","_kad_post_feature_position":"","_kad_post_header":false,"_kad_post_footer":false,"_kad_post_classname":"","iawp_total_views":8},"product_brand":[],"product_cat":[18],"product_tag":[],"class_list":{"0":"post-792","1":"product","2":"type-product","3":"status-publish","4":"has-post-thumbnail","6":"product_cat-ljepota","8":"first","9":"instock","10":"sale","11":"shipping-taxable","12":"purchasable","13":"product-type-simple","14":"entry","15":"content-bg","16":"loop-entry"},"_links":{"self":[{"href":"https:\/\/www.poliklinikavukovic.com\/ljekarna\/wp-json\/wp\/v2\/product\/792","targetHints":{"allow":["GET"]}}],"collection":[{"href":"https:\/\/www.poliklinikavukovic.com\/ljekarna\/wp-json\/wp\/v2\/product"}],"about":[{"href":"https:\/\/www.poliklinikavukovic.com\/ljekarna\/wp-json\/wp\/v2\/types\/product"}],"wp:featuredmedia":[{"embeddable":true,"href":"https:\/\/www.poliklinikavukovic.com\/ljekarna\/wp-json\/wp\/v2\/media\/793"}],"wp:attachment":[{"href":"https:\/\/www.poliklinikavukovic.com\/ljekarna\/wp-json\/wp\/v2\/media?parent=792"}],"wp:term":[{"taxonomy":"product_brand","embeddable":true,"href":"https:\/\/www.poliklinikavukovic.com\/ljekarna\/wp-json\/wp\/v2\/product_brand?post=792"},{"taxonomy":"product_cat","embeddable":true,"href":"https:\/\/www.poliklinikavukovic.com\/ljekarna\/wp-json\/wp\/v2\/product_cat?post=792"},{"taxonomy":"product_tag","embeddable":true,"href":"https:\/\/www.poliklinikavukovic.com\/ljekarna\/wp-json\/wp\/v2\/product_tag?post=792"}],"curies":[{"name":"wp","href":"https:\/\/api.w.org\/{rel}","templated":true}]}}