{"id":416,"date":"2025-04-12T13:44:10","date_gmt":"2025-04-12T13:44:10","guid":{"rendered":"https:\/\/www.poliklinikavukovic.com\/ljekarna\/?post_type=product&#038;p=416"},"modified":"2025-04-12T13:44:10","modified_gmt":"2025-04-12T13:44:10","slug":"slim-ease","status":"publish","type":"product","link":"https:\/\/www.poliklinikavukovic.com\/ljekarna\/proizvod\/slim-ease\/","title":{"rendered":"Slim Ease"},"content":{"rendered":"<p class=\"text-body font-regular leading-[24px] pt-[9px] pb-[2px]\" dir=\"ltr\">Slim Ease je dodatak prehrani posebno osmi\u0161ljen kao podr\u0161ka za mr\u0161avljenje. Ove inovativne kapsule izra\u0111ene su kako bi ubrzale metabolizam, pomogle sagorijevanju masti i pru\u017eile korisnicima osje\u0107aj energije tijekom cijelog dana. Slim Ease je proizvod koji se temelji na prirodnim sastojcima, zbog \u010dega je siguran za kori\u0161tenje i ne uzrokuje \u0161tetne nuspojave.<\/p>\n<h2 class=\"font-bold text-h3 leading-[40px] pt-[21px] pb-[2px] [&amp;_a]:underline-offset-[6px] [&amp;_.underline]:underline-offset-[6px]\" dir=\"ltr\">Kako djeluje Slim Ease?<\/h2>\n<p class=\"text-body font-regular leading-[24px] pt-[9px] pb-[2px]\" dir=\"ltr\">Slim Ease djeluje na na\u010din da stimulira metaboli\u010dke procese u tijelu, ubrzava sagorijevanje masno\u0107a te smanjuje nakupljanje masti. Osim toga, poma\u017ee regulirati apetit tako da se smanjuje potreba za nepotrebnim grickalicama izme\u0111u obroka, olak\u0161avaju\u0107i kontrolu kalorija.<\/p>\n<p class=\"text-body font-regular leading-[24px] pt-[9px] pb-[2px]\" dir=\"ltr\">Kapsule su formulirane kako bi ciljale problem &#8220;tvrdokornih&#8221; mjesta gdje se masno\u0107e naj\u010de\u0161\u0107e talo\u017ee (trbuh, bedra, bokovi). Redovitim kori\u0161tenjem Slim Ease kapsula, korisnici otkrivaju da se osje\u0107aju lak\u0161e, energi\u010dnije te da imaju vi\u0161e motivacije za odr\u017eavanje zdravog na\u010dina \u017eivota.<\/p>\n<h2 class=\"font-bold text-h3 leading-[40px] pt-[21px] pb-[2px] [&amp;_a]:underline-offset-[6px] [&amp;_.underline]:underline-offset-[6px]\" dir=\"ltr\">Slim Ease Sastav<\/h2>\n<p class=\"text-body font-regular leading-[24px] pt-[9px] pb-[2px]\" dir=\"ltr\">Slim Ease sadr\u017ei pa\u017eljivo odabrane sastojke koji podr\u017eavaju mr\u0161avljenje i cjelokupno zdravlje. Evo pojedinosti o svakom od njih:<\/p>\n<ul class=\"pt-[9px] pb-[2px] pl-[24px] list-inside list-disc pt-[5px]\">\n<li class=\"text-body font-regular leading-[24px] my-[5px] [&amp;&gt;ol]:!pt-0 [&amp;&gt;ol]:!pb-0 [&amp;&gt;ul]:!pt-0 [&amp;&gt;ul]:!pb-0\" value=\"1\"><b><strong class=\"font-bold\">Ekstrakt zelenog \u010daja<\/strong><\/b><\/li>\n<\/ul>\n<p class=\"text-body font-regular leading-[24px] pt-[9px] pb-[2px]\" dir=\"ltr\">Bogat antioksidansima, zeleni \u010daj ubrzava metabolizam i poma\u017ee sagorijevanju kalorija. Tako\u0111er poma\u017ee u detoksikaciji tijela.<\/p>\n<ul class=\"pt-[9px] pb-[2px] pl-[24px] list-inside list-disc pt-[5px]\">\n<li class=\"text-body font-regular leading-[24px] my-[5px] [&amp;&gt;ol]:!pt-0 [&amp;&gt;ol]:!pb-0 [&amp;&gt;ul]:!pt-0 [&amp;&gt;ul]:!pb-0\" value=\"1\"><b><strong class=\"font-bold\">Ekstrakt Garcinia Cambogia<\/strong><\/b><\/li>\n<\/ul>\n<p class=\"text-body font-regular leading-[24px] pt-[9px] pb-[2px]\" dir=\"ltr\">Poznat po svom aktivnom sastojku HCA (hidroksicitratna kiselina), Garcinia Cambogia smanjuje apetit i sprje\u010dava nakupljanje masno\u0107a.<\/p>\n<ul class=\"pt-[9px] pb-[2px] pl-[24px] list-inside list-disc pt-[5px]\">\n<li class=\"text-body font-regular leading-[24px] my-[5px] [&amp;&gt;ol]:!pt-0 [&amp;&gt;ol]:!pb-0 [&amp;&gt;ul]:!pt-0 [&amp;&gt;ul]:!pb-0\" value=\"1\"><b><strong class=\"font-bold\">Ekstrakt guarane<\/strong><\/b><\/li>\n<\/ul>\n<p class=\"text-body font-regular leading-[24px] pt-[9px] pb-[2px]\" dir=\"ltr\">Guarana je prirodan stimulator koji podi\u017ee razinu energije i poma\u017ee pove\u0107ati fokus i izdr\u017eljivost.<\/p>\n<ul class=\"pt-[9px] pb-[2px] pl-[24px] list-inside list-disc pt-[5px]\">\n<li class=\"text-body font-regular leading-[24px] my-[5px] [&amp;&gt;ol]:!pt-0 [&amp;&gt;ol]:!pb-0 [&amp;&gt;ul]:!pt-0 [&amp;&gt;ul]:!pb-0\" value=\"1\"><b><strong class=\"font-bold\">L-karnitin<\/strong><\/b><\/li>\n<\/ul>\n<p class=\"text-body font-regular leading-[24px] pt-[9px] pb-[2px]\" dir=\"ltr\">Ova klju\u010dna aminokiselina poma\u017ee tijelu da sagori masno\u0107e pretvaraju\u0107i ih u energiju, \u0161to je klju\u010dno za mr\u0161avljenje.<\/p>\n<ul class=\"pt-[9px] pb-[2px] pl-[24px] list-inside list-disc pt-[5px]\">\n<li class=\"text-body font-regular leading-[24px] my-[5px] [&amp;&gt;ol]:!pt-0 [&amp;&gt;ol]:!pb-0 [&amp;&gt;ul]:!pt-0 [&amp;&gt;ul]:!pb-0\" value=\"1\"><b><strong class=\"font-bold\">Krom pikolinat<\/strong><\/b><\/li>\n<\/ul>\n<p class=\"text-body font-regular leading-[24px] pt-[9px] pb-[2px]\" dir=\"ltr\">Poma\u017ee u regulaciji razine \u0161e\u0107era u krvi te smanjenju \u017eudnje za slatkim.<\/p>\n<h2 class=\"font-bold text-h3 leading-[40px] pt-[21px] pb-[2px] [&amp;_a]:underline-offset-[6px] [&amp;_.underline]:underline-offset-[6px]\" dir=\"ltr\">Slim Ease U\u010dinci i Dobrobiti<\/h2>\n<p class=\"text-body font-regular leading-[24px] pt-[9px] pb-[2px]\" dir=\"ltr\">Kori\u0161tenjem Slim Ease dobivate niz u\u010dinaka i koristi za va\u0161e tijelo:<\/p>\n<ul class=\"pt-[9px] pb-[2px] pl-[24px] list-inside list-disc pt-[5px]\">\n<li class=\"text-body font-regular leading-[24px] my-[5px] [&amp;&gt;ol]:!pt-0 [&amp;&gt;ol]:!pb-0 [&amp;&gt;ul]:!pt-0 [&amp;&gt;ul]:!pb-0\" value=\"1\">Gubitak vi\u0161ka kilograma bez drasti\u010dnih dijeta.<\/li>\n<li class=\"text-body font-regular leading-[24px] my-[5px] [&amp;&gt;ol]:!pt-0 [&amp;&gt;ol]:!pb-0 [&amp;&gt;ul]:!pt-0 [&amp;&gt;ul]:!pb-0\" value=\"2\">Pove\u0107ana razina energije tijekom dana.<\/li>\n<li class=\"text-body font-regular leading-[24px] my-[5px] [&amp;&gt;ol]:!pt-0 [&amp;&gt;ol]:!pb-0 [&amp;&gt;ul]:!pt-0 [&amp;&gt;ul]:!pb-0\" value=\"3\">Smanjeni osje\u0107aj gladi i bolja kontrola apetita.<\/li>\n<li class=\"text-body font-regular leading-[24px] my-[5px] [&amp;&gt;ol]:!pt-0 [&amp;&gt;ol]:!pb-0 [&amp;&gt;ul]:!pt-0 [&amp;&gt;ul]:!pb-0\" value=\"4\">Pobolj\u0161an metabolizam i lak\u0161e sagorijevanje masti.<\/li>\n<li class=\"text-body font-regular leading-[24px] my-[5px] [&amp;&gt;ol]:!pt-0 [&amp;&gt;ol]:!pb-0 [&amp;&gt;ul]:!pt-0 [&amp;&gt;ul]:!pb-0\" value=\"5\">Zdraviji odnos prema hrani i manja \u017eudnja za nezdravim namirnicama.<\/li>\n<\/ul>\n<h2 class=\"font-bold text-h3 leading-[40px] pt-[21px] pb-[2px] [&amp;_a]:underline-offset-[6px] [&amp;_.underline]:underline-offset-[6px]\" dir=\"ltr\">Slim Ease Upute Za Kori\u0161tenje<\/h2>\n<p class=\"text-body font-regular leading-[24px] pt-[9px] pb-[2px]\" dir=\"ltr\">Za optimalne rezultate, preporu\u010duje se uzimanje <b><strong class=\"font-bold\">dvije kapsule Slim Ease dnevno<\/strong><\/b>, najbolje pola sata prije obroka s \u010da\u0161om vode. Va\u017eno je pridr\u017eavati se uputa kako bi proizvod pru\u017eio najbolje mogu\u0107e rezultate. Tako\u0111er se preporu\u010duje kombinacija s uravnote\u017eenom prehranom i redovitom tjelesnom aktivno\u0161\u0107u.<\/p>\n<h2 class=\"font-bold text-h3 leading-[40px] pt-[21px] pb-[2px] [&amp;_a]:underline-offset-[6px] [&amp;_.underline]:underline-offset-[6px]\" dir=\"ltr\">Slim Ease Kontraindikacije i Nuspojave<\/h2>\n<p class=\"text-body font-regular leading-[24px] pt-[9px] pb-[2px]\" dir=\"ltr\">Slim Ease je siguran za uporabu i nema poznatih kontraindikacija ili nuspojava. Me\u0111utim, proizvod nije namijenjen djeci, trudnicama, dojiljama i osobama s kroni\u010dnim bolestima. Za bilo kakve nedoumice, preporu\u010duje se konzultacija s lije\u010dnikom prije po\u010detka kori\u0161tenja.<\/p>\n<h2 class=\"font-bold text-h3 leading-[40px] pt-[21px] pb-[2px] [&amp;_a]:underline-offset-[6px] [&amp;_.underline]:underline-offset-[6px]\" dir=\"ltr\">Slim Ease Iskustva<\/h2>\n<p class=\"text-body font-regular leading-[24px] pt-[9px] pb-[2px]\" dir=\"ltr\">Korisni\u010dka iskustva govore mnogo o kvaliteti Slim Ease kapsula. Evo \u0161to neki od zadovoljnih korisnika ka\u017eu:<\/p>\n<p class=\"text-body font-regular leading-[24px] pt-[9px] pb-[2px]\" dir=\"ltr\"><b><strong class=\"font-bold\">Marina, 29 godina:<\/strong><\/b><\/p>\n<p class=\"text-body font-regular leading-[24px] pt-[9px] pb-[2px]\" dir=\"ltr\"><i><em class=\"italic\">&#8220;Nisam vjerovala da \u0107e mi ne\u0161to stvarno pomo\u0107i s mr\u0161avljenjem. Nakon samo dva tjedna s Slim Ease kapsulama izgubila sam 4 kg, a osje\u0107am se energi\u010dno i sretno!&#8221;<\/em><\/i><\/p>\n<p class=\"text-body font-regular leading-[24px] pt-[9px] pb-[2px]\" dir=\"ltr\"><b><strong class=\"font-bold\">Ivana, 35 godina:<\/strong><\/b><\/p>\n<p class=\"text-body font-regular leading-[24px] pt-[9px] pb-[2px]\" dir=\"ltr\"><i><em class=\"italic\">&#8220;Odli\u010dno za kontrolu apetita! Napokon se ne borim s tijekom no\u0107i grickalicama. Slim Ease je sada dio mog svakodnevnog \u017eivota.&#8221;<\/em><\/i><\/p>\n<p class=\"text-body font-regular leading-[24px] pt-[9px] pb-[2px]\" dir=\"ltr\"><b><strong class=\"font-bold\">Petar, 40 godina:<\/strong><\/b><\/p>\n<p class=\"text-body font-regular leading-[24px] pt-[9px] pb-[2px]\" dir=\"ltr\"><i><em class=\"italic\">&#8220;Probao sam mnogo proizvoda, ali Slim Ease mi stvarno poma\u017ee. Redovito se bavim vje\u017ebanjem, a s ovim kapsulama rezultati su nevjerojatno brzi.&#8221;<\/em><\/i><\/p>\n<h2 class=\"font-bold text-h3 leading-[40px] pt-[21px] pb-[2px] [&amp;_a]:underline-offset-[6px] [&amp;_.underline]:underline-offset-[6px]\" dir=\"ltr\">Gdje kupiti Slim Ease u Hrvatskoj? Ljekarna, DM, Nju\u0161kalo<\/h2>\n<p class=\"text-body font-regular leading-[24px] pt-[9px] pb-[2px]\" dir=\"ltr\">Slim Ease ne mo\u017eete na\u0107i u ljekarnama, DM-u ili na platformama poput Nju\u0161kala. Razlog za to je jednostavan &#8211; proizvo\u0111a\u010d \u017eeli jam\u010diti autenti\u010dnost i kvalitetu proizvoda, stoga se Slim Ease mo\u017ee naru\u010diti isklju\u010divo na slu\u017ebenoj web stranici proizvo\u0111a\u010da.<\/p>\n<p class=\"text-body font-regular leading-[24px] pt-[9px] pb-[2px]\" dir=\"ltr\">Kupujete direktno od proizvo\u0111a\u010da i osiguravate da dobivate originalan proizvod po najboljoj cijeni.<\/p>\n<h2 class=\"font-bold text-h3 leading-[40px] pt-[21px] pb-[2px] [&amp;_a]:underline-offset-[6px] [&amp;_.underline]:underline-offset-[6px]\" dir=\"ltr\">Koliko ko\u0161ta Slim Ease? Cijena?<\/h2>\n<p class=\"text-body font-regular leading-[24px] pt-[9px] pb-[2px]\" dir=\"ltr\">Trenutno, Slim Ease mo\u017eete naru\u010diti po cijeni od <b><strong class=\"font-bold\">39 eura<\/strong><\/b>. Naru\u010dite jo\u0161 danas kako biste iskoristili ovu promotivnu cijenu i zapo\u010deli svoj put prema zdravijem tijelu.<\/p>\n<h2 class=\"font-bold text-h3 leading-[40px] pt-[21px] pb-[2px] [&amp;_a]:underline-offset-[6px] [&amp;_.underline]:underline-offset-[6px]\" dir=\"ltr\">\u010cesto postavljana pitanja<\/h2>\n<p class=\"text-body font-regular leading-[24px] pt-[9px] pb-[2px]\" dir=\"ltr\"><b><strong class=\"font-bold\">Je li Slim Ease siguran za kori\u0161tenje?<\/strong><\/b><\/p>\n<p class=\"text-body font-regular leading-[24px] pt-[9px] pb-[2px]\" dir=\"ltr\">Da, Slim Ease je siguran za uporabu i nema zabilje\u017eenih nuspojava.<\/p>\n<p class=\"text-body font-regular leading-[24px] pt-[9px] pb-[2px]\" dir=\"ltr\"><b><strong class=\"font-bold\">Koliko brzo djeluje Slim Ease?<\/strong><\/b><\/p>\n<p class=\"text-body font-regular leading-[24px] pt-[9px] pb-[2px]\" dir=\"ltr\">Rezultati variraju, ali mnogi korisnici primje\u0107uju zna\u010dajne promjene ve\u0107 unutar prvih nekoliko tjedana.<\/p>\n<p class=\"text-body font-regular leading-[24px] pt-[9px] pb-[2px]\" dir=\"ltr\"><b><strong class=\"font-bold\">Tko ne smije koristiti Slim Ease?<\/strong><\/b><\/p>\n<p class=\"text-body font-regular leading-[24px] pt-[9px] pb-[2px]\" dir=\"ltr\">Proizvod nije namijenjen djeci, trudnicama, dojiljama i osobama s kroni\u010dnim bolestima.<\/p>\n","protected":false},"excerpt":{"rendered":"<p>Slim Ease je dodatak prehrani posebno osmi\u0161ljen kao podr\u0161ka za mr\u0161avljenje. Ove inovativne kapsule izra\u0111ene su kako bi ubrzale metabolizam, pomogle sagorijevanju masti i pru\u017eile korisnicima osje\u0107aj energije tijekom cijelog dana. Slim Ease je proizvod koji se temelji na prirodnim sastojcima, zbog \u010dega je siguran za kori\u0161tenje i ne uzrokuje \u0161tetne nuspojave. Kako djeluje Slim&#8230;<\/p>\n","protected":false},"featured_media":417,"template":"","meta":{"_kad_post_transparent":"default","_kad_post_title":"","_kad_post_layout":"default","_kad_post_sidebar_id":"","_kad_post_content_style":"default","_kad_post_vertical_padding":"default","_kad_post_feature":"","_kad_post_feature_position":"","_kad_post_header":false,"_kad_post_footer":false,"_kad_post_classname":"","iawp_total_views":79},"product_brand":[],"product_cat":[17],"product_tag":[],"class_list":{"0":"post-416","1":"product","2":"type-product","3":"status-publish","4":"has-post-thumbnail","6":"product_cat-mrsavljenje","8":"first","9":"instock","10":"sale","11":"shipping-taxable","12":"purchasable","13":"product-type-simple","14":"entry","15":"content-bg","16":"loop-entry"},"_links":{"self":[{"href":"https:\/\/www.poliklinikavukovic.com\/ljekarna\/wp-json\/wp\/v2\/product\/416","targetHints":{"allow":["GET"]}}],"collection":[{"href":"https:\/\/www.poliklinikavukovic.com\/ljekarna\/wp-json\/wp\/v2\/product"}],"about":[{"href":"https:\/\/www.poliklinikavukovic.com\/ljekarna\/wp-json\/wp\/v2\/types\/product"}],"wp:featuredmedia":[{"embeddable":true,"href":"https:\/\/www.poliklinikavukovic.com\/ljekarna\/wp-json\/wp\/v2\/media\/417"}],"wp:attachment":[{"href":"https:\/\/www.poliklinikavukovic.com\/ljekarna\/wp-json\/wp\/v2\/media?parent=416"}],"wp:term":[{"taxonomy":"product_brand","embeddable":true,"href":"https:\/\/www.poliklinikavukovic.com\/ljekarna\/wp-json\/wp\/v2\/product_brand?post=416"},{"taxonomy":"product_cat","embeddable":true,"href":"https:\/\/www.poliklinikavukovic.com\/ljekarna\/wp-json\/wp\/v2\/product_cat?post=416"},{"taxonomy":"product_tag","embeddable":true,"href":"https:\/\/www.poliklinikavukovic.com\/ljekarna\/wp-json\/wp\/v2\/product_tag?post=416"}],"curies":[{"name":"wp","href":"https:\/\/api.w.org\/{rel}","templated":true}]}}