{"id":398,"date":"2025-03-31T17:25:31","date_gmt":"2025-03-31T17:25:31","guid":{"rendered":"https:\/\/www.poliklinikavukovic.com\/ljekarna\/?post_type=product&#038;p=398"},"modified":"2025-03-31T17:25:31","modified_gmt":"2025-03-31T17:25:31","slug":"keto-side","status":"publish","type":"product","link":"https:\/\/www.poliklinikavukovic.com\/ljekarna\/proizvod\/keto-side\/","title":{"rendered":"Keto Side"},"content":{"rendered":"<p class=\"text-body font-regular leading-[24px] pt-[9px] pb-[2px]\" dir=\"ltr\">Keto Side je dodatak prehrani dizajniran da podr\u017ei proces mr\u0161avljenja. Dolazi u obliku kapsula koje su jednostavne za upotrebu i savr\u0161ene za one koji tra\u017ee u\u010dinkovit i prakti\u010dan na\u010din za postizanje \u017eeljene te\u017eine. Njegova formula temelji se na prirodnim sastojcima koji ciljaju na poticanje metabolizma i sagorijevanje masti, \u010dine\u0107i ga savr\u0161enim izborom za one koji \u017eele kombinirati zdrav na\u010din \u017eivota s dodatnom podr\u0161kom.<\/p>\n<h2 class=\"font-bold text-h3 leading-[40px] pt-[21px] pb-[2px] [&amp;_a]:underline-offset-[6px] [&amp;_.underline]:underline-offset-[6px]\" dir=\"ltr\">Kako djeluje Keto Side?<\/h2>\n<p class=\"text-body font-regular leading-[24px] pt-[9px] pb-[2px]\" dir=\"ltr\">Keto Side djeluje poticanjem procesa sagorijevanja masti u tijelu. S obzirom na to da je klju\u010d mr\u0161avljenja pove\u0107anje potro\u0161nje masti uz smanjenje unosa kalorija, ovaj pripravak optimizira te mehanizme. Kapsule poma\u017eu tijelu da koristi vlastite masne naslage kao izvor energije, \u010dime se pobolj\u0161ava metabolizam i smanjuju masni jastu\u010di\u0107i.<\/p>\n<p class=\"text-body font-regular leading-[24px] pt-[9px] pb-[2px]\" dir=\"ltr\">Njegov na\u010din djelovanja savr\u0161eno je prilago\u0111en svima koji se pridr\u017eavaju keto prehrane jer poti\u010de stanje ketoze, no djeluje i kod ljudi koji ne prate specifi\u010dne dijete, \u010dine\u0107i ga svestranim dodatkom za \u0161iru publiku.<\/p>\n<h2 class=\"font-bold text-h3 leading-[40px] pt-[21px] pb-[2px] [&amp;_a]:underline-offset-[6px] [&amp;_.underline]:underline-offset-[6px]\" dir=\"ltr\">Keto Side Sastav<\/h2>\n<p class=\"text-body font-regular leading-[24px] pt-[9px] pb-[2px]\" dir=\"ltr\">Snaga Keto Side kapsula dolazi od pa\u017eljivo odabranih sastojaka koji imaju klini\u010dki dokazanu u\u010dinkovitost.<\/p>\n<h3 class=\"font-bold text-h4 leading-[30px] pt-[15px] pb-[2px] [&amp;_a]:underline-offset-[6px] [&amp;_.underline]:underline-offset-[6px]\" dir=\"ltr\">1. <b><strong class=\"font-bold\">Vlakna trputca<\/strong><\/b><\/h3>\n<p class=\"text-body font-regular leading-[24px] pt-[9px] pb-[2px]\" dir=\"ltr\">Ove prirodne biljne vlakne poznate su po svojim svojstvima zasi\u0107ivanja. Poma\u017eu u suzbijanju apetita, regulaciji probave, i odr\u017eavanju zdravog rada crijeva. Unos vlakana tako\u0111er doprinosi kontroli razine \u0161e\u0107era u krvi.<\/p>\n<h3 class=\"font-bold text-h4 leading-[30px] pt-[15px] pb-[2px] [&amp;_a]:underline-offset-[6px] [&amp;_.underline]:underline-offset-[6px]\" dir=\"ltr\">2. <b><strong class=\"font-bold\">Spirulina u prahu<\/strong><\/b><\/h3>\n<p class=\"text-body font-regular leading-[24px] pt-[9px] pb-[2px]\" dir=\"ltr\">Spirulina je superhrana bogata vitaminima i mineralima, ali i mo\u0107an saveznik u ubrzanju metabolizma. Osim \u0161to poma\u017ee u sagorijevanju masti, spirulina podr\u017eava imunitet i pru\u017ea dodatnu energiju tijekom dana.<\/p>\n<h3 class=\"font-bold text-h4 leading-[30px] pt-[15px] pb-[2px] [&amp;_a]:underline-offset-[6px] [&amp;_.underline]:underline-offset-[6px]\" dir=\"ltr\">3. <b><strong class=\"font-bold\">Krom<\/strong><\/b><\/h3>\n<p class=\"text-body font-regular leading-[24px] pt-[9px] pb-[2px]\" dir=\"ltr\">Ovaj mineral igra klju\u010dnu ulogu u regulaciji razine \u0161e\u0107era u krvi i smanjenju \u017eelje za slatkim. Krom tako\u0111er podr\u017eava gubitak vi\u0161ka suvi\u0161nih kilograma \u010dine\u0107i prehranu lak\u0161e odr\u017eivom.<\/p>\n<h2 class=\"font-bold text-h3 leading-[40px] pt-[21px] pb-[2px] [&amp;_a]:underline-offset-[6px] [&amp;_.underline]:underline-offset-[6px]\" dir=\"ltr\">Keto Side U\u010dinci i Dobrobiti<\/h2>\n<p class=\"text-body font-regular leading-[24px] pt-[9px] pb-[2px]\" dir=\"ltr\">Keto Side donosi niz pozitivnih u\u010dinaka koji ga \u010dine jednim od najpopularnijih dodataka prehrani za mr\u0161avljenje u Hrvatskoj:<\/p>\n<ul class=\"pt-[9px] pb-[2px] pl-[24px] list-inside list-disc pt-[5px]\">\n<li class=\"text-body font-regular leading-[24px] my-[5px] [&amp;&gt;ol]:!pt-0 [&amp;&gt;ol]:!pb-0 [&amp;&gt;ul]:!pt-0 [&amp;&gt;ul]:!pb-0\" value=\"1\"><b><strong class=\"font-bold\">Pove\u0107ano sagorijevanje masti:<\/strong><\/b> Olak\u0161ava mr\u0161avljenje pretvaranjem tjelesnih zaliha masti u energiju.<\/li>\n<li class=\"text-body font-regular leading-[24px] my-[5px] [&amp;&gt;ol]:!pt-0 [&amp;&gt;ol]:!pb-0 [&amp;&gt;ul]:!pt-0 [&amp;&gt;ul]:!pb-0\" value=\"2\"><b><strong class=\"font-bold\">Kontrola apetita:<\/strong><\/b> Smanjuje \u017eelju za slatkim i prehranom izme\u0111u obroka.<\/li>\n<li class=\"text-body font-regular leading-[24px] my-[5px] [&amp;&gt;ol]:!pt-0 [&amp;&gt;ol]:!pb-0 [&amp;&gt;ul]:!pt-0 [&amp;&gt;ul]:!pb-0\" value=\"3\"><b><strong class=\"font-bold\">Pobolj\u0161ana probava:<\/strong><\/b> Vlakna trputca podr\u017eavaju zdravlje crijeva i reguliraju probavne procese.<\/li>\n<li class=\"text-body font-regular leading-[24px] my-[5px] [&amp;&gt;ol]:!pt-0 [&amp;&gt;ol]:!pb-0 [&amp;&gt;ul]:!pt-0 [&amp;&gt;ul]:!pb-0\" value=\"4\"><b><strong class=\"font-bold\">Dodana energija:<\/strong><\/b> Spirulina omogu\u0107ava osje\u0107aj vitalnosti tijekom dana.<\/li>\n<li class=\"text-body font-regular leading-[24px] my-[5px] [&amp;&gt;ol]:!pt-0 [&amp;&gt;ol]:!pb-0 [&amp;&gt;ul]:!pt-0 [&amp;&gt;ul]:!pb-0\" value=\"5\"><b><strong class=\"font-bold\">Odr\u017eavanje zdrave tjelesne te\u017eine:<\/strong><\/b> Redovita upotreba poti\u010de dugoro\u010dne rezultate.<\/li>\n<\/ul>\n<h2 class=\"font-bold text-h3 leading-[40px] pt-[21px] pb-[2px] [&amp;_a]:underline-offset-[6px] [&amp;_.underline]:underline-offset-[6px]\" dir=\"ltr\">Keto Side Upute Za Kori\u0161tenje<\/h2>\n<p class=\"text-body font-regular leading-[24px] pt-[9px] pb-[2px]\" dir=\"ltr\"><b><strong class=\"font-bold\">Kako koristiti Keto Side?<\/strong><\/b><\/p>\n<p class=\"text-body font-regular leading-[24px] pt-[9px] pb-[2px]\" dir=\"ltr\">Kapsule je jednostavno uzimati, a njihova uporaba lako se upotpunjuje s dnevnim rutinama. Preporu\u010duje se sljede\u0107e:<\/p>\n<ol class=\"pt-[9px] pb-[2px] pl-[24px] list-inside list-decimal\">\n<li class=\"text-body font-regular leading-[24px] my-[5px] [&amp;&gt;ol]:!pt-0 [&amp;&gt;ol]:!pb-0 [&amp;&gt;ul]:!pt-0 [&amp;&gt;ul]:!pb-0\" value=\"1\">Uzimati <b><strong class=\"font-bold\">dva puta dnevno, po jednu kapsulu<\/strong><\/b>.<\/li>\n<li class=\"text-body font-regular leading-[24px] my-[5px] [&amp;&gt;ol]:!pt-0 [&amp;&gt;ol]:!pb-0 [&amp;&gt;ul]:!pt-0 [&amp;&gt;ul]:!pb-0\" value=\"2\">Konzumirati prije obroka s \u010da\u0161om vode.<\/li>\n<\/ol>\n<p class=\"text-body font-regular leading-[24px] pt-[9px] pb-[2px]\" dir=\"ltr\">Uz pravilnu uporabu i balansiranu prehranu, rezultati ne\u0107e izostati!<\/p>\n<h2 class=\"font-bold text-h3 leading-[40px] pt-[21px] pb-[2px] [&amp;_a]:underline-offset-[6px] [&amp;_.underline]:underline-offset-[6px]\" dir=\"ltr\">Keto Side Kontraindikacije i Nuspojave<\/h2>\n<p class=\"text-body font-regular leading-[24px] pt-[9px] pb-[2px]\" dir=\"ltr\">Keto Side je proizveden od prirodnih sastojaka i potpuno je siguran za uporabu.<\/p>\n<p class=\"text-body font-regular leading-[24px] pt-[9px] pb-[2px]\" dir=\"ltr\">Me\u0111utim, nije namijenjen:<\/p>\n<ul class=\"pt-[9px] pb-[2px] pl-[24px] list-inside list-disc pt-[5px]\">\n<li class=\"text-body font-regular leading-[24px] my-[5px] [&amp;&gt;ol]:!pt-0 [&amp;&gt;ol]:!pb-0 [&amp;&gt;ul]:!pt-0 [&amp;&gt;ul]:!pb-0\" value=\"1\">Djeci<\/li>\n<li class=\"text-body font-regular leading-[24px] my-[5px] [&amp;&gt;ol]:!pt-0 [&amp;&gt;ol]:!pb-0 [&amp;&gt;ul]:!pt-0 [&amp;&gt;ul]:!pb-0\" value=\"2\">Trudnicama i dojiljama<\/li>\n<li class=\"text-body font-regular leading-[24px] my-[5px] [&amp;&gt;ol]:!pt-0 [&amp;&gt;ol]:!pb-0 [&amp;&gt;ul]:!pt-0 [&amp;&gt;ul]:!pb-0\" value=\"3\">Osobama s kroni\u010dnim bolestima<\/li>\n<\/ul>\n<p class=\"text-body font-regular leading-[24px] pt-[9px] pb-[2px]\" dir=\"ltr\">Uvijek se konzultirajte s lije\u010dnikom ako imate specifi\u010dna zdravstvena stanja prije nego zapo\u010dnete s upotrebom bilo kojeg dodatka.<\/p>\n<h2 class=\"font-bold text-h3 leading-[40px] pt-[21px] pb-[2px] [&amp;_a]:underline-offset-[6px] [&amp;_.underline]:underline-offset-[6px]\" dir=\"ltr\">Keto Side Iskustva<\/h2>\n<p class=\"text-body font-regular leading-[24px] pt-[9px] pb-[2px]\" dir=\"ltr\">Korisnici Keto Side kapsula dijele pozitivna iskustva:<\/p>\n<ul class=\"pt-[9px] pb-[2px] pl-[24px] list-inside list-disc pt-[5px]\">\n<li class=\"text-body font-regular leading-[24px] my-[5px] [&amp;&gt;ol]:!pt-0 [&amp;&gt;ol]:!pb-0 [&amp;&gt;ul]:!pt-0 [&amp;&gt;ul]:!pb-0\" value=\"1\"><b><strong class=\"font-bold\">Ana, 34 godine:<\/strong><\/b> &#8220;Nakon dva mjeseca kori\u0161tenja po\u010dela sam primje\u0107ivati velike promjene \u2013 lak\u0161e sam gubila kilograme, a osje\u0107ala sam se puni energije!&#8221;<\/li>\n<li class=\"text-body font-regular leading-[24px] my-[5px] [&amp;&gt;ol]:!pt-0 [&amp;&gt;ol]:!pb-0 [&amp;&gt;ul]:!pt-0 [&amp;&gt;ul]:!pb-0\" value=\"2\"><b><strong class=\"font-bold\">Marko, 40 godina:<\/strong><\/b> &#8220;Kao netko tko se bori s prejedanjem, Keto Side mi je pomogao kontrolirati apetit i ubrzati metabolizam.&#8221;<\/li>\n<li class=\"text-body font-regular leading-[24px] my-[5px] [&amp;&gt;ol]:!pt-0 [&amp;&gt;ol]:!pb-0 [&amp;&gt;ul]:!pt-0 [&amp;&gt;ul]:!pb-0\" value=\"3\"><b><strong class=\"font-bold\">Ivana, 27 godina:<\/strong><\/b> &#8220;Ve\u0107 nakon prvih nekoliko tjedana osje\u0107ala sam se lak\u0161e i po prvi puta nisam imala problem s kasnim \u017eeljama za slatkim.&#8221;<\/li>\n<\/ul>\n<h2 class=\"font-bold text-h3 leading-[40px] pt-[21px] pb-[2px] [&amp;_a]:underline-offset-[6px] [&amp;_.underline]:underline-offset-[6px]\" dir=\"ltr\">Gdje kupiti Keto Side u Hrvatskoj? Ljekarna, DM, Nju\u0161kalo<\/h2>\n<p class=\"text-body font-regular leading-[24px] pt-[9px] pb-[2px]\" dir=\"ltr\">Keto Side je dostupan <b><strong class=\"font-bold\">isklju\u010divo putem slu\u017ebene web stranice proizvo\u0111a\u010da<\/strong><\/b>. Iako ga ne\u0107ete na\u0107i u ljekarnama, DM-u ili na portalima poput Nju\u0161kala, web stranica proizvo\u0111a\u010da pru\u017ea nekoliko klju\u010dnih prednosti:<\/p>\n<ul class=\"pt-[9px] pb-[2px] pl-[24px] list-inside list-disc pt-[5px]\">\n<li class=\"text-body font-regular leading-[24px] my-[5px] [&amp;&gt;ol]:!pt-0 [&amp;&gt;ol]:!pb-0 [&amp;&gt;ul]:!pt-0 [&amp;&gt;ul]:!pb-0\" value=\"1\">Garanciju originalnog proizvoda<\/li>\n<li class=\"text-body font-regular leading-[24px] my-[5px] [&amp;&gt;ol]:!pt-0 [&amp;&gt;ol]:!pb-0 [&amp;&gt;ul]:!pt-0 [&amp;&gt;ul]:!pb-0\" value=\"2\">Najbolju cijenu bez posredni\u010dkih tro\u0161kova<\/li>\n<li class=\"text-body font-regular leading-[24px] my-[5px] [&amp;&gt;ol]:!pt-0 [&amp;&gt;ol]:!pb-0 [&amp;&gt;ul]:!pt-0 [&amp;&gt;ul]:!pb-0\" value=\"3\">Sigurnost prilikom narud\u017ebe i brzinu dostave<\/li>\n<\/ul>\n<h2 class=\"font-bold text-h3 leading-[40px] pt-[21px] pb-[2px] [&amp;_a]:underline-offset-[6px] [&amp;_.underline]:underline-offset-[6px]\" dir=\"ltr\">Koliko ko\u0161ta Keto Side? Cijena?<\/h2>\n<p class=\"text-body font-regular leading-[24px] pt-[9px] pb-[2px]\" dir=\"ltr\">Trenutna cijena Keto Side kapsula iznosi samo <b><strong class=\"font-bold\">39 EUR<\/strong><\/b>! Uzimaju\u0107i u obzir u\u010dinke i kvalitetu proizvoda, ovaj iznos predstavlja izvanrednu vrijednost.<\/p>\n<h2 class=\"font-bold text-h3 leading-[40px] pt-[21px] pb-[2px] [&amp;_a]:underline-offset-[6px] [&amp;_.underline]:underline-offset-[6px]\" dir=\"ltr\">\u010cesto postavljana pitanja<\/h2>\n<p class=\"text-body font-regular leading-[24px] pt-[9px] pb-[2px]\" dir=\"ltr\"><b><strong class=\"font-bold\">1. Kada mogu o\u010dekivati prve rezultate?<\/strong><\/b><\/p>\n<p class=\"text-body font-regular leading-[24px] pt-[9px] pb-[2px]\" dir=\"ltr\">Ve\u0107ina korisnika primje\u0107uje promjene unutar prvih nekoliko tjedana uz dosljednu uporabu.<\/p>\n<p class=\"text-body font-regular leading-[24px] pt-[9px] pb-[2px]\" dir=\"ltr\"><b><strong class=\"font-bold\">2. Je li Keto Side prikladan za vegane?<\/strong><\/b><\/p>\n<p class=\"text-body font-regular leading-[24px] pt-[9px] pb-[2px]\" dir=\"ltr\">Da, kapsule su izra\u0111ene od sastojaka pogodne za vegane.<\/p>\n<p class=\"text-body font-regular leading-[24px] pt-[9px] pb-[2px]\" dir=\"ltr\"><b><strong class=\"font-bold\">3. Trebam li pratiti odre\u0111enu prehranu dok koristim Keto Side?<\/strong><\/b><\/p>\n<p class=\"text-body font-regular leading-[24px] pt-[9px] pb-[2px]\" dir=\"ltr\">Iako nije obavezno, kombinacija Keto Side kapsula s uravnote\u017eenim obrocima mo\u017ee ubrzati rezultate.<\/p>\n","protected":false},"excerpt":{"rendered":"<p>Keto Side je dodatak prehrani dizajniran da podr\u017ei proces mr\u0161avljenja. Dolazi u obliku kapsula koje su jednostavne za upotrebu i savr\u0161ene za one koji tra\u017ee u\u010dinkovit i prakti\u010dan na\u010din za postizanje \u017eeljene te\u017eine. Njegova formula temelji se na prirodnim sastojcima koji ciljaju na poticanje metabolizma i sagorijevanje masti, \u010dine\u0107i ga savr\u0161enim izborom za one koji&#8230;<\/p>\n","protected":false},"featured_media":399,"template":"","meta":{"_kad_post_transparent":"default","_kad_post_title":"","_kad_post_layout":"default","_kad_post_sidebar_id":"","_kad_post_content_style":"default","_kad_post_vertical_padding":"default","_kad_post_feature":"","_kad_post_feature_position":"","_kad_post_header":false,"_kad_post_footer":false,"_kad_post_classname":"","iawp_total_views":19},"product_brand":[],"product_cat":[17],"product_tag":[],"class_list":{"0":"post-398","1":"product","2":"type-product","3":"status-publish","4":"has-post-thumbnail","6":"product_cat-mrsavljenje","8":"first","9":"instock","10":"sale","11":"shipping-taxable","12":"purchasable","13":"product-type-simple","14":"entry","15":"content-bg","16":"loop-entry"},"_links":{"self":[{"href":"https:\/\/www.poliklinikavukovic.com\/ljekarna\/wp-json\/wp\/v2\/product\/398","targetHints":{"allow":["GET"]}}],"collection":[{"href":"https:\/\/www.poliklinikavukovic.com\/ljekarna\/wp-json\/wp\/v2\/product"}],"about":[{"href":"https:\/\/www.poliklinikavukovic.com\/ljekarna\/wp-json\/wp\/v2\/types\/product"}],"wp:featuredmedia":[{"embeddable":true,"href":"https:\/\/www.poliklinikavukovic.com\/ljekarna\/wp-json\/wp\/v2\/media\/399"}],"wp:attachment":[{"href":"https:\/\/www.poliklinikavukovic.com\/ljekarna\/wp-json\/wp\/v2\/media?parent=398"}],"wp:term":[{"taxonomy":"product_brand","embeddable":true,"href":"https:\/\/www.poliklinikavukovic.com\/ljekarna\/wp-json\/wp\/v2\/product_brand?post=398"},{"taxonomy":"product_cat","embeddable":true,"href":"https:\/\/www.poliklinikavukovic.com\/ljekarna\/wp-json\/wp\/v2\/product_cat?post=398"},{"taxonomy":"product_tag","embeddable":true,"href":"https:\/\/www.poliklinikavukovic.com\/ljekarna\/wp-json\/wp\/v2\/product_tag?post=398"}],"curies":[{"name":"wp","href":"https:\/\/api.w.org\/{rel}","templated":true}]}}