{"id":339,"date":"2025-03-10T16:55:29","date_gmt":"2025-03-10T16:55:29","guid":{"rendered":"https:\/\/www.poliklinikavukovic.com\/ljekarna\/?post_type=product&#038;p=339"},"modified":"2025-03-10T16:55:29","modified_gmt":"2025-03-10T16:55:29","slug":"gastro-zen","status":"publish","type":"product","link":"https:\/\/www.poliklinikavukovic.com\/ljekarna\/proizvod\/gastro-zen\/","title":{"rendered":"Gastro Zen"},"content":{"rendered":"<p class=\"text-body font-regular leading-[24px] pt-[9px] pb-[2px]\" dir=\"ltr\">Gastro Zen je poseban bio-saveznik za osobe koje pate od gastritisa, a osobito one koje tra\u017ee dugotrajno rje\u0161enje za neugodne simptome povezane s ovim stanjem. Ovaj jedinstveni dodatak prehrani dolazi u obliku lako probavljivih kapsula koje su prikladne za svakodnevnu uporabu.<\/p>\n<p class=\"text-body font-regular leading-[24px] pt-[9px] pb-[2px]\" dir=\"ltr\">Jedna od glavnih prednosti Gastro Zena je njegova sposobnost da olak\u0161a simptome gastritisa, uklju\u010duju\u0107i nelagodu u trbuhu, osje\u0107aj sitosti, podrigivanje, mu\u010dninu, povra\u0107anje, pa \u010dak i gastrointestinalno krvarenje. Umjesto klasi\u010dnih antacida i lijekova na recept koji ciljaju smanjenje \u017eelu\u010dane kiseline, Gastro Zen nudi organski, siguran pristup temeljen na prirodnom sastavu.<\/p>\n<p class=\"text-body font-regular leading-[24px] pt-[9px] pb-[2px]\" dir=\"ltr\">Drugim rije\u010dima, rije\u010d je o formuli koja je osmi\u0161ljena kako bi pomogla bez rizika od nuspojava ili kontraindikacija. Gastro Zen je razvijen za osobe koje \u017eele odr\u017eavati dobru probavu, a pritom izbjegavati sinteti\u010dke kemikalije ili dodatke te\u0161kih metala.<\/p>\n<h2 class=\"font-bold text-h3 leading-[40px] pt-[21px] pb-[2px] [&amp;_a]:underline-offset-[6px] [&amp;_.underline]:underline-offset-[6px]\" dir=\"ltr\">Kako djeluje Gastro Zen?<\/h2>\n<p class=\"text-body font-regular leading-[24px] pt-[9px] pb-[2px]\" dir=\"ltr\">Gastro Zen osmi\u0161ljen je da djeluje na vi\u0161e razina kako bi balansirao probavni sustav i smanjio simptome gastritisa. Aktivni mehanizam Gastro Zena temelji se na sposobnosti da smiri gastrointestinalnu sluznicu, smanji upale te potakne zdravu probavu.<\/p>\n<p class=\"text-body font-regular leading-[24px] pt-[9px] pb-[2px]\" dir=\"ltr\">Kada se uzima svakodnevno, ove lagane kapsule ciljaju problem iz korijena, pru\u017eaju\u0107i kontinuiranu podr\u0161ku funkcijama \u017eeluca i crijeva. Osim toga, Gastro Zen pru\u017ea olak\u0161anje od prekomjernog nakupljanja kiseline te smanjuje rizik od nastanka \u010dira na \u017eelucu, uz promicanje boljeg zdravlja probavnog sustava u cjelini.<\/p>\n<h2 class=\"font-bold text-h3 leading-[40px] pt-[21px] pb-[2px] [&amp;_a]:underline-offset-[6px] [&amp;_.underline]:underline-offset-[6px]\" dir=\"ltr\">Gastro Zen Sastav<\/h2>\n<p class=\"text-body font-regular leading-[24px] pt-[9px] pb-[2px]\" dir=\"ltr\">Glavni sastojci Gastro Zena su pa\u017eljivo odabrani kako bi pru\u017eili u\u010dinkovito rje\u0161enje za gastritis dok podupiru cjelokupno zdravlje probavnog trakta. Evo detaljnog pregleda njegovih sastojaka:<\/p>\n<h3 class=\"font-bold text-h4 leading-[30px] pt-[15px] pb-[2px] [&amp;_a]:underline-offset-[6px] [&amp;_.underline]:underline-offset-[6px]\" dir=\"ltr\">Suhi ekstrakt komora\u010da<\/h3>\n<p class=\"text-body font-regular leading-[24px] pt-[9px] pb-[2px]\" dir=\"ltr\">Komora\u010d je poznat po svojim protuupalnim i antispazmodi\u010dnim svojstvima. Ubla\u017eava bol u trbuhu i gr\u010deve dok smanjuje nadutost. Tako\u0111er je poznat po tome \u0161to smanjuje osje\u0107aj te\u017eine nakon obroka, \u0161to ga \u010dini savr\u0161enim sastojkom za ubla\u017eavanje simptoma gastritisa.<\/p>\n<h3 class=\"font-bold text-h4 leading-[30px] pt-[15px] pb-[2px] [&amp;_a]:underline-offset-[6px] [&amp;_.underline]:underline-offset-[6px]\" dir=\"ltr\">Suhi ekstrakt korijandera<\/h3>\n<p class=\"text-body font-regular leading-[24px] pt-[9px] pb-[2px]\" dir=\"ltr\">Korijander je prirodno sredstvo za smirenje \u017eeluca. Ima antibakterijska i probiot\u010dinska svojstva koja podr\u017eavaju zdravlje crijeva. Njegova uloga u Gastro Zenu uklju\u010duje smanjenje kiselosti i poticanje pravilne probave.<\/p>\n<h3 class=\"font-bold text-h4 leading-[30px] pt-[15px] pb-[2px] [&amp;_a]:underline-offset-[6px] [&amp;_.underline]:underline-offset-[6px]\" dir=\"ltr\">Suhi ekstrakt \u0111umbira<\/h3>\n<p class=\"text-body font-regular leading-[24px] pt-[9px] pb-[2px]\" dir=\"ltr\">\u0110umbir je mo\u0107an prirodni lijek protiv mu\u010dnine i probavnih smetnji. Njegova znanstveno dokazana svojstva u smanjenju upala \u010dine ga klju\u010dnim za osiguravanje zdravog probavnog sustava.<\/p>\n<h3 class=\"font-bold text-h4 leading-[30px] pt-[15px] pb-[2px] [&amp;_a]:underline-offset-[6px] [&amp;_.underline]:underline-offset-[6px]\" dir=\"ltr\">Hrom<\/h3>\n<p class=\"text-body font-regular leading-[24px] pt-[9px] pb-[2px]\" dir=\"ltr\">Hrom poma\u017ee u regulaciji razine glukoze i poti\u010de metaboli\u010dke procese u tijelu. U kombinaciji s ostalim sastojcima, poma\u017ee u smanjivanju stresa povezanog s probavom.<\/p>\n<h2 class=\"font-bold text-h3 leading-[40px] pt-[21px] pb-[2px] [&amp;_a]:underline-offset-[6px] [&amp;_.underline]:underline-offset-[6px]\" dir=\"ltr\">Gastro Zen U\u010dinci i Dobrobiti<\/h2>\n<p class=\"text-body font-regular leading-[24px] pt-[9px] pb-[2px]\" dir=\"ltr\">Kori\u0161tenje Gastro Zena donosi brojne prednosti za one koji pate od probavnih tegoba. Klju\u010dne dobrobiti uklju\u010duju:<\/p>\n<ul class=\"pt-[9px] pb-[2px] pl-[24px] list-disc [&amp;_ul]:pt-[5px] pt-[5px]\">\n<li class=\"text-body font-regular leading-[24px] my-[5px] [&amp;&gt;ol]:!pt-0 [&amp;&gt;ol]:!pb-0 [&amp;&gt;ul]:!pt-0 [&amp;&gt;ul]:!pb-0\" value=\"1\"><b><strong class=\"font-bold\">Ubla\u017eavanje simptoma gastritisa<\/strong><\/b> poput nadutosti, mu\u010dnine, i osje\u0107aja te\u017eine u \u017eelucu.<\/li>\n<li class=\"text-body font-regular leading-[24px] my-[5px] [&amp;&gt;ol]:!pt-0 [&amp;&gt;ol]:!pb-0 [&amp;&gt;ul]:!pt-0 [&amp;&gt;ul]:!pb-0\" value=\"2\"><b><strong class=\"font-bold\">Podr\u0161ka probavnim procesima<\/strong><\/b> kroz smanjivanje vi\u0161ka kiseline i promicanje zdrave proizvodnje enzima.<\/li>\n<li class=\"text-body font-regular leading-[24px] my-[5px] [&amp;&gt;ol]:!pt-0 [&amp;&gt;ol]:!pb-0 [&amp;&gt;ul]:!pt-0 [&amp;&gt;ul]:!pb-0\" value=\"3\"><b><strong class=\"font-bold\">Za\u0161tita gastrointestinalne sluznice<\/strong><\/b> zahvaljuju\u0107i njegovim prirodnim i nje\u017enim svojstvima.<\/li>\n<li class=\"text-body font-regular leading-[24px] my-[5px] [&amp;&gt;ol]:!pt-0 [&amp;&gt;ol]:!pb-0 [&amp;&gt;ul]:!pt-0 [&amp;&gt;ul]:!pb-0\" value=\"4\"><b><strong class=\"font-bold\">Smanjenje rizika od komplikacija<\/strong><\/b> kao \u0161to su \u010direvi ili kroni\u010dna upala.<\/li>\n<li class=\"text-body font-regular leading-[24px] my-[5px] [&amp;&gt;ol]:!pt-0 [&amp;&gt;ol]:!pb-0 [&amp;&gt;ul]:!pt-0 [&amp;&gt;ul]:!pb-0\" value=\"5\"><b><strong class=\"font-bold\">Prirodni sastav bez nuspojava<\/strong><\/b>, \u010dine\u0107i ovaj proizvod sigurnim za svakodnevnu uporabu.<\/li>\n<\/ul>\n<h2 class=\"font-bold text-h3 leading-[40px] pt-[21px] pb-[2px] [&amp;_a]:underline-offset-[6px] [&amp;_.underline]:underline-offset-[6px]\" dir=\"ltr\">Gastro Zen Upute Za Kori\u0161tenje<\/h2>\n<p class=\"text-body font-regular leading-[24px] pt-[9px] pb-[2px]\" dir=\"ltr\">Preporu\u010dena dnevna doza Gastro Zena je <b><strong class=\"font-bold\">2 kapsule dnevno<\/strong><\/b>, najbolje uzimati s vodom nakon obroka kako bi se osigurala optimalna apsorpcija.<\/p>\n<h2 class=\"font-bold text-h3 leading-[40px] pt-[21px] pb-[2px] [&amp;_a]:underline-offset-[6px] [&amp;_.underline]:underline-offset-[6px]\" dir=\"ltr\">Gastro Zen Kontraindikacije i Nuspojave<\/h2>\n<p class=\"text-body font-regular leading-[24px] pt-[9px] pb-[2px]\" dir=\"ltr\">Jedna od najve\u0107ih prednosti Gastro Zena je njegova sigurnost. Proizvod nema zabilje\u017eenih nuspojava ni kontraindikacija. Ipak, odre\u0111ene kategorije trebaju konzultirati lije\u010dnika prije uporabe, uklju\u010duju\u0107i:<\/p>\n<ul class=\"pt-[9px] pb-[2px] pl-[24px] list-disc [&amp;_ul]:pt-[5px] pt-[5px]\">\n<li class=\"text-body font-regular leading-[24px] my-[5px] [&amp;&gt;ol]:!pt-0 [&amp;&gt;ol]:!pb-0 [&amp;&gt;ul]:!pt-0 [&amp;&gt;ul]:!pb-0\" value=\"1\">Djecu<\/li>\n<li class=\"text-body font-regular leading-[24px] my-[5px] [&amp;&gt;ol]:!pt-0 [&amp;&gt;ol]:!pb-0 [&amp;&gt;ul]:!pt-0 [&amp;&gt;ul]:!pb-0\" value=\"2\">Trudnice i dojilje<\/li>\n<li class=\"text-body font-regular leading-[24px] my-[5px] [&amp;&gt;ol]:!pt-0 [&amp;&gt;ol]:!pb-0 [&amp;&gt;ul]:!pt-0 [&amp;&gt;ul]:!pb-0\" value=\"3\">Osobe s kroni\u010dnim bolestima<\/li>\n<\/ul>\n<h2 class=\"font-bold text-h3 leading-[40px] pt-[21px] pb-[2px] [&amp;_a]:underline-offset-[6px] [&amp;_.underline]:underline-offset-[6px]\" dir=\"ltr\">Gastro Zen Iskustva<\/h2>\n<p class=\"text-body font-regular leading-[24px] pt-[9px] pb-[2px]\" dir=\"ltr\"><b><strong class=\"font-bold\">Pozitivne povratne informacije korisnika govore same za sebe!<\/strong><\/b> Evo \u0161to neki kupci ka\u017eu o svom iskustvu:<\/p>\n<ul class=\"pt-[9px] pb-[2px] pl-[24px] list-disc [&amp;_ul]:pt-[5px] pt-[5px]\">\n<li class=\"text-body font-regular leading-[24px] my-[5px] [&amp;&gt;ol]:!pt-0 [&amp;&gt;ol]:!pb-0 [&amp;&gt;ul]:!pt-0 [&amp;&gt;ul]:!pb-0\" value=\"1\"><i><em class=\"italic\">&#8220;Koristim Gastro Zen ve\u0107 mjesec dana i primijetila sam veliko pobolj\u0161anje. Bolovi u trbuhu su se smanjili, a osje\u0107aj te\u017eine je nestao.&#8221;<\/em><\/i> \u2013 Ana, 36 godina<\/li>\n<li class=\"text-body font-regular leading-[24px] my-[5px] [&amp;&gt;ol]:!pt-0 [&amp;&gt;ol]:!pb-0 [&amp;&gt;ul]:!pt-0 [&amp;&gt;ul]:!pb-0\" value=\"2\"><i><em class=\"italic\">&#8220;Ovaj proizvod je bio spas za moj gastritis. Puno bolje se osje\u0107am nakon jela.&#8221;<\/em><\/i> \u2013 Marko, 42 godine<\/li>\n<li class=\"text-body font-regular leading-[24px] my-[5px] [&amp;&gt;ol]:!pt-0 [&amp;&gt;ol]:!pb-0 [&amp;&gt;ul]:!pt-0 [&amp;&gt;ul]:!pb-0\" value=\"3\"><i><em class=\"italic\">&#8220;Preporu\u010dila mi ga je prijateljica i nisam po\u017ealila. Prirodno i stvarno poma\u017ee!&#8221;<\/em><\/i> \u2013 Ivana, 29 godina<\/li>\n<\/ul>\n<h2 class=\"font-bold text-h3 leading-[40px] pt-[21px] pb-[2px] [&amp;_a]:underline-offset-[6px] [&amp;_.underline]:underline-offset-[6px]\" dir=\"ltr\">Gdje kupiti Gastro Zen u Hrvatskoj? Ljekarna, DM, Nju\u0161kalo<\/h2>\n<p class=\"text-body font-regular leading-[24px] pt-[9px] pb-[2px]\" dir=\"ltr\">Gastro Zen trenutno nije dostupan u ljekarnama, DM-u niti preko platformi poput Nju\u0161kala. Mo\u017eete ga naru\u010diti <b><strong class=\"font-bold\">isklju\u010divo putem slu\u017ebene web stranice proizvo\u0111a\u010da<\/strong><\/b>. To jam\u010di njegovu autenti\u010dnost i sprje\u010dava distribuciju krivotvorina.<\/p>\n<h2 class=\"font-bold text-h3 leading-[40px] pt-[21px] pb-[2px] [&amp;_a]:underline-offset-[6px] [&amp;_.underline]:underline-offset-[6px]\" dir=\"ltr\">Koliko ko\u0161ta Gastro Zen? Cijena?<\/h2>\n<p class=\"text-body font-regular leading-[24px] pt-[9px] pb-[2px]\" dir=\"ltr\">Gastro Zen dostupan je po cijeni od <b><strong class=\"font-bold\">39 eura<\/strong><\/b>. Trenutno je mogu\u0107e iskoristiti promotivne popuste na ve\u0107e narud\u017ebe putem slu\u017ebene web stranice.<\/p>\n<h2 class=\"font-bold text-h3 leading-[40px] pt-[21px] pb-[2px] [&amp;_a]:underline-offset-[6px] [&amp;_.underline]:underline-offset-[6px]\" dir=\"ltr\">\u010cesto postavljana pitanja<\/h2>\n<h3 class=\"font-bold text-h4 leading-[30px] pt-[15px] pb-[2px] [&amp;_a]:underline-offset-[6px] [&amp;_.underline]:underline-offset-[6px]\" dir=\"ltr\">Je li Gastro Zen siguran za dugotrajnu uporabu?<\/h3>\n<p class=\"text-body font-regular leading-[24px] pt-[9px] pb-[2px]\" dir=\"ltr\">Da, potpuno je siguran s organskim sastavom bez nuspojava.<\/p>\n<h3 class=\"font-bold text-h4 leading-[30px] pt-[15px] pb-[2px] [&amp;_a]:underline-offset-[6px] [&amp;_.underline]:underline-offset-[6px]\" dir=\"ltr\">Koliko brzo \u0107u vidjeti rezultate?<\/h3>\n<p class=\"text-body font-regular leading-[24px] pt-[9px] pb-[2px]\" dir=\"ltr\">Rezultati variraju, ali mnogi korisnici prijavljuju zna\u010dajno pobolj\u0161anje unutar 1-2 tjedna redovite uporabe.<\/p>\n<h3 class=\"font-bold text-h4 leading-[30px] pt-[15px] pb-[2px] [&amp;_a]:underline-offset-[6px] [&amp;_.underline]:underline-offset-[6px]\" dir=\"ltr\">Mo\u017ee li se koristiti paralelno s lijekovima?<\/h3>\n<p class=\"text-body font-regular leading-[24px] pt-[9px] pb-[2px]\" dir=\"ltr\">Iako je Gastro Zen prirodan, uvijek se posavjetujte s lije\u010dnikom prije kombiniranja s lijekovima.<\/p>\n","protected":false},"excerpt":{"rendered":"<p>Gastro Zen je poseban bio-saveznik za osobe koje pate od gastritisa, a osobito one koje tra\u017ee dugotrajno rje\u0161enje za neugodne simptome povezane s ovim stanjem. Ovaj jedinstveni dodatak prehrani dolazi u obliku lako probavljivih kapsula koje su prikladne za svakodnevnu uporabu. Jedna od glavnih prednosti Gastro Zena je njegova sposobnost da olak\u0161a simptome gastritisa, uklju\u010duju\u0107i&#8230;<\/p>\n","protected":false},"featured_media":340,"template":"","meta":{"_kad_post_transparent":"default","_kad_post_title":"","_kad_post_layout":"default","_kad_post_sidebar_id":"","_kad_post_content_style":"default","_kad_post_vertical_padding":"default","_kad_post_feature":"","_kad_post_feature_position":"","_kad_post_header":false,"_kad_post_footer":false,"_kad_post_classname":"","iawp_total_views":170},"product_brand":[],"product_cat":[15],"product_tag":[],"class_list":{"0":"post-339","1":"product","2":"type-product","3":"status-publish","4":"has-post-thumbnail","6":"product_cat-zdravlje","8":"first","9":"instock","10":"sale","11":"shipping-taxable","12":"purchasable","13":"product-type-simple","14":"entry","15":"content-bg","16":"loop-entry"},"_links":{"self":[{"href":"https:\/\/www.poliklinikavukovic.com\/ljekarna\/wp-json\/wp\/v2\/product\/339","targetHints":{"allow":["GET"]}}],"collection":[{"href":"https:\/\/www.poliklinikavukovic.com\/ljekarna\/wp-json\/wp\/v2\/product"}],"about":[{"href":"https:\/\/www.poliklinikavukovic.com\/ljekarna\/wp-json\/wp\/v2\/types\/product"}],"wp:featuredmedia":[{"embeddable":true,"href":"https:\/\/www.poliklinikavukovic.com\/ljekarna\/wp-json\/wp\/v2\/media\/340"}],"wp:attachment":[{"href":"https:\/\/www.poliklinikavukovic.com\/ljekarna\/wp-json\/wp\/v2\/media?parent=339"}],"wp:term":[{"taxonomy":"product_brand","embeddable":true,"href":"https:\/\/www.poliklinikavukovic.com\/ljekarna\/wp-json\/wp\/v2\/product_brand?post=339"},{"taxonomy":"product_cat","embeddable":true,"href":"https:\/\/www.poliklinikavukovic.com\/ljekarna\/wp-json\/wp\/v2\/product_cat?post=339"},{"taxonomy":"product_tag","embeddable":true,"href":"https:\/\/www.poliklinikavukovic.com\/ljekarna\/wp-json\/wp\/v2\/product_tag?post=339"}],"curies":[{"name":"wp","href":"https:\/\/api.w.org\/{rel}","templated":true}]}}