{"id":312,"date":"2025-03-02T15:46:12","date_gmt":"2025-03-02T15:46:12","guid":{"rendered":"https:\/\/www.poliklinikavukovic.com\/ljekarna\/?post_type=product&#038;p=312"},"modified":"2025-03-02T15:46:12","modified_gmt":"2025-03-02T15:46:12","slug":"tonerin","status":"publish","type":"product","link":"https:\/\/www.poliklinikavukovic.com\/ljekarna\/proizvod\/tonerin\/","title":{"rendered":"Tonerin"},"content":{"rendered":"<p class=\"text-body font-regular leading-[24px] pt-[9px] pb-[2px]\" dir=\"ltr\">Tonerin je dodatak prehrani posebno formuliran za ljude koji pate od visokog krvnog tlaka. Za razliku od tradicionalnih lijekova, Tonerin djeluje prirodnim putem bez \u0161tetnih kemikalija i nuspojava, poma\u017eu\u0107i korisnicima da odr\u017ee optimalnu razinu krvnog tlaka. Uz to, Tonerin doprinosi pobolj\u0161anju cjelokupnog zdravlja, pru\u017eaju\u0107i podr\u0161ku srcu i krvo\u017eilnom sustavu.<\/p>\n<h2 class=\"font-bold text-h3 leading-[40px] pt-[21px] pb-[2px] [&amp;_a]:underline-offset-[6px] [&amp;_.underline]:underline-offset-[6px]\" dir=\"ltr\">Kako djeluje Tonerin?<\/h2>\n<p class=\"text-body font-regular leading-[24px] pt-[9px] pb-[2px]\" dir=\"ltr\">Tonerin djeluje tako \u0161to podr\u017eava prirodne funkcije tijela za normalizaciju krvnog tlaka. Aktivni sastojci Tonerina poma\u017eu u \u0161irenju krvnih \u017eila, pobolj\u0161avaju cirkulaciju i smanjuju optere\u0107enje na srce. Na taj na\u010din ovaj dodatak prehrani mo\u017ee utjecati na vra\u0107anje krvnog tlaka unutar normalnih granica, promoviraju\u0107i pritom zdravlje krvo\u017eilnog sustava.<\/p>\n<p class=\"text-body font-regular leading-[24px] pt-[9px] pb-[2px]\" dir=\"ltr\">Va\u017eno je istaknuti da Tonerin nije lijek, ve\u0107 dodatak prehrani koji djeluje kao podr\u0161ka u odr\u017eavanju zdravog na\u010dina \u017eivota i pravilne prehrane.<\/p>\n<h2 class=\"font-bold text-h3 leading-[40px] pt-[21px] pb-[2px] [&amp;_a]:underline-offset-[6px] [&amp;_.underline]:underline-offset-[6px]\" dir=\"ltr\">Tonerin Sastav<\/h2>\n<p class=\"text-body font-regular leading-[24px] pt-[9px] pb-[2px]\" dir=\"ltr\">Jedna od najve\u0107ih prednosti Tonerina je njegov pa\u017eljivo odabrani prirodni sastav. Svaki sastojak ima svoju ulogu u postizanju optimalnih rezultata:<\/p>\n<ul class=\"pt-[9px] pb-[2px] pl-[24px] list-disc [&amp;_ul]:pt-[5px] pt-[5px]\">\n<li class=\"text-body font-regular leading-[24px] my-[5px] [&amp;&gt;ol]:!pt-0 [&amp;&gt;ol]:!pb-0 [&amp;&gt;ul]:!pt-0 [&amp;&gt;ul]:!pb-0\" value=\"1\"><b><strong class=\"font-bold\">Mikrokristalna celuloza (punilo)<\/strong><\/b> &#8211; Doprinosi stabilnosti kapsula i osigurava ravnomjernu raspodjelu aktivnih sastojaka.<\/li>\n<li class=\"text-body font-regular leading-[24px] my-[5px] [&amp;&gt;ol]:!pt-0 [&amp;&gt;ol]:!pb-0 [&amp;&gt;ul]:!pt-0 [&amp;&gt;ul]:!pb-0\" value=\"2\"><b><strong class=\"font-bold\">Askorbinska kiselina (vitamin C)<\/strong><\/b> &#8211; Mo\u0107an antioksidans koji \u0161titi stanice od oksidativnog stresa i ja\u010da imunolo\u0161ki sustav.<\/li>\n<li class=\"text-body font-regular leading-[24px] my-[5px] [&amp;&gt;ol]:!pt-0 [&amp;&gt;ol]:!pb-0 [&amp;&gt;ul]:!pt-0 [&amp;&gt;ul]:!pb-0\" value=\"3\"><b><strong class=\"font-bold\">Ekstrakt lista masline<\/strong><\/b> &#8211; Prirodni sastojak poznat po svojim antihipertenzivnim svojstvima; poma\u017ee u sni\u017eavanju krvnog tlaka na prirodan na\u010din.<\/li>\n<li class=\"text-body font-regular leading-[24px] my-[5px] [&amp;&gt;ol]:!pt-0 [&amp;&gt;ol]:!pb-0 [&amp;&gt;ul]:!pt-0 [&amp;&gt;ul]:!pb-0\" value=\"4\"><b><strong class=\"font-bold\">L-arginin HCL<\/strong><\/b> &#8211; Poti\u010de proizvodnju du\u0161ikovog oksida, klju\u010dnog spoja za \u0161irenje krvnih \u017eila i pobolj\u0161anje protoka krvi.<\/li>\n<li class=\"text-body font-regular leading-[24px] my-[5px] [&amp;&gt;ol]:!pt-0 [&amp;&gt;ol]:!pb-0 [&amp;&gt;ul]:!pt-0 [&amp;&gt;ul]:!pb-0\" value=\"5\"><b><strong class=\"font-bold\">Ekstrakt lista Gymnema sylvestre<\/strong><\/b> &#8211; Biljni ekstrakt koji poma\u017ee u regulaciji razine \u0161e\u0107era u krvi, \u0161to mo\u017ee indirektno utjecati na zdravlje srca.<\/li>\n<li class=\"text-body font-regular leading-[24px] my-[5px] [&amp;&gt;ol]:!pt-0 [&amp;&gt;ol]:!pb-0 [&amp;&gt;ul]:!pt-0 [&amp;&gt;ul]:!pb-0\" value=\"6\"><b><strong class=\"font-bold\">Ekstrakt korijena japanskog dresnika<\/strong><\/b> &#8211; Bogat resveratrolom, poznatim po svojim kardioprotektivnim i antioksidativnim svojstvima.<\/li>\n<li class=\"text-body font-regular leading-[24px] my-[5px] [&amp;&gt;ol]:!pt-0 [&amp;&gt;ol]:!pb-0 [&amp;&gt;ul]:!pt-0 [&amp;&gt;ul]:!pb-0\" value=\"7\"><b><strong class=\"font-bold\">Magnezijev stearat (punilo)<\/strong><\/b> &#8211; Osigurava da kapsule zadr\u017ee oblik i konzistenciju.<\/li>\n<li class=\"text-body font-regular leading-[24px] my-[5px] [&amp;&gt;ol]:!pt-0 [&amp;&gt;ol]:!pb-0 [&amp;&gt;ul]:!pt-0 [&amp;&gt;ul]:!pb-0\" value=\"8\"><b><strong class=\"font-bold\">Silicijev dioksid (sredstvo protiv zgrudnjavanja)<\/strong><\/b> &#8211; Sprje\u010dava nakupljanje aktivnih sastojaka te olak\u0161ava njihovu apsorpciju.<\/li>\n<li class=\"text-body font-regular leading-[24px] my-[5px] [&amp;&gt;ol]:!pt-0 [&amp;&gt;ol]:!pb-0 [&amp;&gt;ul]:!pt-0 [&amp;&gt;ul]:!pb-0\" value=\"9\"><b><strong class=\"font-bold\">Krom pikolinat<\/strong><\/b> &#8211; Poma\u017ee u regulaciji metabolizma glukoze, \u0161to pozitivno utje\u010de na cjelokupno zdravlje.<\/li>\n<\/ul>\n<h2 class=\"font-bold text-h3 leading-[40px] pt-[21px] pb-[2px] [&amp;_a]:underline-offset-[6px] [&amp;_.underline]:underline-offset-[6px]\" dir=\"ltr\">Tonerin U\u010dinci i Dobrobiti<\/h2>\n<p class=\"text-body font-regular leading-[24px] pt-[9px] pb-[2px]\" dir=\"ltr\">Tonerin donosi brojne prednosti za osobe s visokim krvnim tlakom:<\/p>\n<ul class=\"pt-[9px] pb-[2px] pl-[24px] list-disc [&amp;_ul]:pt-[5px] pt-[5px]\">\n<li class=\"text-body font-regular leading-[24px] my-[5px] [&amp;&gt;ol]:!pt-0 [&amp;&gt;ol]:!pb-0 [&amp;&gt;ul]:!pt-0 [&amp;&gt;ul]:!pb-0\" value=\"1\"><b><strong class=\"font-bold\">Normalizacija krvnog tlaka<\/strong><\/b> &#8211; Aktivni sastojci pridonose stabilizaciji krvnog tlaka unutar zdravih granica.<\/li>\n<li class=\"text-body font-regular leading-[24px] my-[5px] [&amp;&gt;ol]:!pt-0 [&amp;&gt;ol]:!pb-0 [&amp;&gt;ul]:!pt-0 [&amp;&gt;ul]:!pb-0\" value=\"2\"><b><strong class=\"font-bold\">Pobolj\u0161ana cirkulacija<\/strong><\/b> &#8211; Podr\u0161ka zdravlju krvnih \u017eila i bolji protok krvi.<\/li>\n<li class=\"text-body font-regular leading-[24px] my-[5px] [&amp;&gt;ol]:!pt-0 [&amp;&gt;ol]:!pb-0 [&amp;&gt;ul]:!pt-0 [&amp;&gt;ul]:!pb-0\" value=\"3\"><b><strong class=\"font-bold\">Smanjeno optere\u0107enje na srce<\/strong><\/b> &#8211; Poma\u017ee u sprje\u010davanju rizika od sr\u010danih bolesti.<\/li>\n<li class=\"text-body font-regular leading-[24px] my-[5px] [&amp;&gt;ol]:!pt-0 [&amp;&gt;ol]:!pb-0 [&amp;&gt;ul]:!pt-0 [&amp;&gt;ul]:!pb-0\" value=\"4\"><b><strong class=\"font-bold\">Prirodna za\u0161tita<\/strong><\/b> &#8211; Antioksidativna svojstva poma\u017eu u borbi protiv slobodnih radikala i \u0161tite stanice.<\/li>\n<li class=\"text-body font-regular leading-[24px] my-[5px] [&amp;&gt;ol]:!pt-0 [&amp;&gt;ol]:!pb-0 [&amp;&gt;ul]:!pt-0 [&amp;&gt;ul]:!pb-0\" value=\"5\"><b><strong class=\"font-bold\">Op\u0107enito bolji osje\u0107aj<\/strong><\/b> &#8211; Dugotrajna podr\u0161ka op\u0107em zdravlju i vitalnosti.<\/li>\n<\/ul>\n<h2 class=\"font-bold text-h3 leading-[40px] pt-[21px] pb-[2px] [&amp;_a]:underline-offset-[6px] [&amp;_.underline]:underline-offset-[6px]\" dir=\"ltr\">Tonerin Upute Za Kori\u0161tenje<\/h2>\n<p class=\"text-body font-regular leading-[24px] pt-[9px] pb-[2px]\" dir=\"ltr\">Upute za upotrebu Tonerina su jednostavne:<\/p>\n<ul class=\"pt-[9px] pb-[2px] pl-[24px] list-disc [&amp;_ul]:pt-[5px] pt-[5px]\">\n<li class=\"text-body font-regular leading-[24px] my-[5px] [&amp;&gt;ol]:!pt-0 [&amp;&gt;ol]:!pb-0 [&amp;&gt;ul]:!pt-0 [&amp;&gt;ul]:!pb-0\" value=\"1\">Odrasli, uzimajte <b><strong class=\"font-bold\">1 kapsulu dva puta dnevno uz obrok<\/strong><\/b>.<\/li>\n<li class=\"text-body font-regular leading-[24px] my-[5px] [&amp;&gt;ol]:!pt-0 [&amp;&gt;ol]:!pb-0 [&amp;&gt;ul]:!pt-0 [&amp;&gt;ul]:!pb-0\" value=\"2\">Trajanje lije\u010denja je preporu\u010deno 1 mjesec, no, ukoliko je potrebno, te\u010daj mo\u017eete ponoviti.<\/li>\n<\/ul>\n<p class=\"text-body font-regular leading-[24px] pt-[9px] pb-[2px]\" dir=\"ltr\">Preporu\u010dena dnevna doza su dvije kapsule, koje pru\u017eaju optimalnu koli\u010dinu aktivnih sastojaka.<\/p>\n<h2 class=\"font-bold text-h3 leading-[40px] pt-[21px] pb-[2px] [&amp;_a]:underline-offset-[6px] [&amp;_.underline]:underline-offset-[6px]\" dir=\"ltr\">Tonerin Kontraindikacije i Nuspojave<\/h2>\n<p class=\"text-body font-regular leading-[24px] pt-[9px] pb-[2px]\" dir=\"ltr\">Jedna od najve\u0107ih prednosti Tonerina je njegova sigurnost za uporabu. Proizvod nema kontraindikacije niti nuspojave. Me\u0111utim, nije namijenjen sljede\u0107im kategorijama:<\/p>\n<ul class=\"pt-[9px] pb-[2px] pl-[24px] list-disc [&amp;_ul]:pt-[5px] pt-[5px]\">\n<li class=\"text-body font-regular leading-[24px] my-[5px] [&amp;&gt;ol]:!pt-0 [&amp;&gt;ol]:!pb-0 [&amp;&gt;ul]:!pt-0 [&amp;&gt;ul]:!pb-0\" value=\"1\">Djeci<\/li>\n<li class=\"text-body font-regular leading-[24px] my-[5px] [&amp;&gt;ol]:!pt-0 [&amp;&gt;ol]:!pb-0 [&amp;&gt;ul]:!pt-0 [&amp;&gt;ul]:!pb-0\" value=\"2\">Trudnicama i dojiljama<\/li>\n<li class=\"text-body font-regular leading-[24px] my-[5px] [&amp;&gt;ol]:!pt-0 [&amp;&gt;ol]:!pb-0 [&amp;&gt;ul]:!pt-0 [&amp;&gt;ul]:!pb-0\" value=\"3\">Osobama s kroni\u010dnim bolestima (bez konzultacija s lije\u010dnikom)<\/li>\n<\/ul>\n<h2 class=\"font-bold text-h3 leading-[40px] pt-[21px] pb-[2px] [&amp;_a]:underline-offset-[6px] [&amp;_.underline]:underline-offset-[6px]\" dir=\"ltr\">Tonerin Iskustva<\/h2>\n<p class=\"text-body font-regular leading-[24px] pt-[9px] pb-[2px]\" dir=\"ltr\">Korisnici Tonerina dijele mnoga pozitivna iskustva:<\/p>\n<ul class=\"pt-[9px] pb-[2px] pl-[24px] list-disc [&amp;_ul]:pt-[5px] pt-[5px]\">\n<li class=\"text-body font-regular leading-[24px] my-[5px] [&amp;&gt;ol]:!pt-0 [&amp;&gt;ol]:!pb-0 [&amp;&gt;ul]:!pt-0 [&amp;&gt;ul]:!pb-0\" value=\"1\"><b><strong class=\"font-bold\">Marija, 52 godine<\/strong><\/b>: \u201eNapokon proizvod koji radi! Moj tlak se stabilizirao, a osje\u0107am se bolje nego ikad.\u201c<\/li>\n<li class=\"text-body font-regular leading-[24px] my-[5px] [&amp;&gt;ol]:!pt-0 [&amp;&gt;ol]:!pb-0 [&amp;&gt;ul]:!pt-0 [&amp;&gt;ul]:!pb-0\" value=\"2\"><b><strong class=\"font-bold\">Ivan, 64 godine<\/strong><\/b>: \u201eJednostavno uzeo Tonerin kroz mjesec dana i rezultati su nevjerojatni.\u201c<\/li>\n<li class=\"text-body font-regular leading-[24px] my-[5px] [&amp;&gt;ol]:!pt-0 [&amp;&gt;ol]:!pb-0 [&amp;&gt;ul]:!pt-0 [&amp;&gt;ul]:!pb-0\" value=\"3\"><b><strong class=\"font-bold\">Ana, 45 godina<\/strong><\/b>: \u201eMoje srce vam zahvaljuje! Tlak mi je sada normalan, a osje\u0107am se puni energije.\u201c<\/li>\n<\/ul>\n<h2 class=\"font-bold text-h3 leading-[40px] pt-[21px] pb-[2px] [&amp;_a]:underline-offset-[6px] [&amp;_.underline]:underline-offset-[6px]\" dir=\"ltr\">Gdje kupiti Tonerin u Hrvatskoj? Ljekarna, DM, Nju\u0161kalo<\/h2>\n<p class=\"text-body font-regular leading-[24px] pt-[9px] pb-[2px]\" dir=\"ltr\">Tonerin se <b><strong class=\"font-bold\">ne prodaje u ljekarnama, DM trgovinama ili na platformama poput Nju\u0161kala<\/strong><\/b>. Mo\u017eete ga kupiti isklju\u010divo putem slu\u017ebene web stranice proizvo\u0111a\u010da (link), \u010dime se osigurava autenti\u010dnost proizvoda te izbjegavaju krivotvoreni proizvodi.<\/p>\n<h2 class=\"font-bold text-h3 leading-[40px] pt-[21px] pb-[2px] [&amp;_a]:underline-offset-[6px] [&amp;_.underline]:underline-offset-[6px]\" dir=\"ltr\">Koliko ko\u0161ta Tonerin? Cijena?<\/h2>\n<p class=\"text-body font-regular leading-[24px] pt-[9px] pb-[2px]\" dir=\"ltr\">Cijena Tonerin proizvoda je <b><strong class=\"font-bold\">39 eura<\/strong><\/b>, uklju\u010duju\u0107i besplatnu dostavu.<\/p>\n<h2 class=\"font-bold text-h3 leading-[40px] pt-[21px] pb-[2px] [&amp;_a]:underline-offset-[6px] [&amp;_.underline]:underline-offset-[6px]\" dir=\"ltr\">\u010cesto postavljana pitanja<\/h2>\n<p class=\"text-body font-regular leading-[24px] pt-[9px] pb-[2px]\" dir=\"ltr\"><b><strong class=\"font-bold\">Pitanje:<\/strong><\/b> Kako mogu naru\u010diti Tonerin?<\/p>\n<p class=\"text-body font-regular leading-[24px] pt-[9px] pb-[2px]\" dir=\"ltr\"><b><strong class=\"font-bold\">Odgovor:<\/strong><\/b> Jednostavno posjetite slu\u017ebenu web stranicu proizvo\u0111a\u010da i slijedite korake za online narud\u017ebu.<\/p>\n<p class=\"text-body font-regular leading-[24px] pt-[9px] pb-[2px]\" dir=\"ltr\"><b><strong class=\"font-bold\">Pitanje:<\/strong><\/b> Mogu li uzeti Tonerin s drugim lijekovima?<\/p>\n<p class=\"text-body font-regular leading-[24px] pt-[9px] pb-[2px]\" dir=\"ltr\"><b><strong class=\"font-bold\">Odgovor:<\/strong><\/b> Preporu\u010dljivo je konzultirati lije\u010dnika prije kombiniranja Tonerina s drugim lijekovima.<\/p>\n<p class=\"text-body font-regular leading-[24px] pt-[9px] pb-[2px]\" dir=\"ltr\"><b><strong class=\"font-bold\">Pitanje:<\/strong><\/b> Kada mogu o\u010dekivati prve rezultate?<\/p>\n<p class=\"text-body font-regular leading-[24px] pt-[9px] pb-[2px]\" dir=\"ltr\"><b><strong class=\"font-bold\">Odgovor:<\/strong><\/b> Ve\u0107ina korisnika primje\u0107uje pobolj\u0161anja unutar prvog mjeseca redovite uporabe.<\/p>\n","protected":false},"excerpt":{"rendered":"<p>Tonerin je dodatak prehrani posebno formuliran za ljude koji pate od visokog krvnog tlaka. Za razliku od tradicionalnih lijekova, Tonerin djeluje prirodnim putem bez \u0161tetnih kemikalija i nuspojava, poma\u017eu\u0107i korisnicima da odr\u017ee optimalnu razinu krvnog tlaka. Uz to, Tonerin doprinosi pobolj\u0161anju cjelokupnog zdravlja, pru\u017eaju\u0107i podr\u0161ku srcu i krvo\u017eilnom sustavu. Kako djeluje Tonerin? Tonerin djeluje tako&#8230;<\/p>\n","protected":false},"featured_media":313,"template":"","meta":{"_kad_post_transparent":"default","_kad_post_title":"","_kad_post_layout":"default","_kad_post_sidebar_id":"","_kad_post_content_style":"default","_kad_post_vertical_padding":"default","_kad_post_feature":"","_kad_post_feature_position":"","_kad_post_header":false,"_kad_post_footer":false,"_kad_post_classname":"","iawp_total_views":2},"product_brand":[],"product_cat":[15],"product_tag":[],"class_list":{"0":"post-312","1":"product","2":"type-product","3":"status-publish","4":"has-post-thumbnail","6":"product_cat-zdravlje","8":"first","9":"instock","10":"sale","11":"shipping-taxable","12":"purchasable","13":"product-type-simple","14":"entry","15":"content-bg","16":"loop-entry"},"_links":{"self":[{"href":"https:\/\/www.poliklinikavukovic.com\/ljekarna\/wp-json\/wp\/v2\/product\/312","targetHints":{"allow":["GET"]}}],"collection":[{"href":"https:\/\/www.poliklinikavukovic.com\/ljekarna\/wp-json\/wp\/v2\/product"}],"about":[{"href":"https:\/\/www.poliklinikavukovic.com\/ljekarna\/wp-json\/wp\/v2\/types\/product"}],"wp:featuredmedia":[{"embeddable":true,"href":"https:\/\/www.poliklinikavukovic.com\/ljekarna\/wp-json\/wp\/v2\/media\/313"}],"wp:attachment":[{"href":"https:\/\/www.poliklinikavukovic.com\/ljekarna\/wp-json\/wp\/v2\/media?parent=312"}],"wp:term":[{"taxonomy":"product_brand","embeddable":true,"href":"https:\/\/www.poliklinikavukovic.com\/ljekarna\/wp-json\/wp\/v2\/product_brand?post=312"},{"taxonomy":"product_cat","embeddable":true,"href":"https:\/\/www.poliklinikavukovic.com\/ljekarna\/wp-json\/wp\/v2\/product_cat?post=312"},{"taxonomy":"product_tag","embeddable":true,"href":"https:\/\/www.poliklinikavukovic.com\/ljekarna\/wp-json\/wp\/v2\/product_tag?post=312"}],"curies":[{"name":"wp","href":"https:\/\/api.w.org\/{rel}","templated":true}]}}