{"id":260,"date":"2025-02-11T18:03:36","date_gmt":"2025-02-11T18:03:36","guid":{"rendered":"https:\/\/www.poliklinikavukovic.com\/ljekarna\/?post_type=product&#038;p=260"},"modified":"2025-02-11T18:03:36","modified_gmt":"2025-02-11T18:03:36","slug":"cardio-a","status":"publish","type":"product","link":"https:\/\/www.poliklinikavukovic.com\/ljekarna\/proizvod\/cardio-a\/","title":{"rendered":"Cardio A"},"content":{"rendered":"<p class=\"text-body font-regular leading-[24px] pt-[9px] pb-[2px]\" dir=\"ltr\">Cardio A je dodatak prehrani u obliku kapsula, posebno osmi\u0161ljen kako bi podr\u017eao zdravlje va\u0161eg srca i djelovao umiruju\u0107e na cijelo tijelo. Njegovi pa\u017eljivo odabrani aktivni sastojci poma\u017eu u ja\u010danju krvnih \u017eila, razrje\u0111ivanju krvi te sprje\u010davanju stvaranja krvnih ugru\u0161aka. Tako\u0111er pridonosi za\u0161titi srca i krvo\u017eilnog tkiva od razli\u010ditih o\u0161te\u0107enja.<\/p>\n<p class=\"text-body font-regular leading-[24px] pt-[9px] pb-[2px]\" dir=\"ltr\">Ovaj proizvod nije samo za one koji ve\u0107 imaju probleme s krvo\u017eilnim sustavom \u2013 idealan je i za sve koji \u017eele preventivno djelovati te na duge staze o\u010duvati vitalnost svog srca.<\/p>\n<h2 class=\"font-bold text-h3 leading-[40px] pt-[21px] pb-[2px] [&amp;_a]:underline-offset-[6px] [&amp;_.underline]:underline-offset-[6px]\" dir=\"ltr\">Kako djeluje Cardio A?<\/h2>\n<p class=\"text-body font-regular leading-[24px] pt-[9px] pb-[2px]\" dir=\"ltr\">Cardio A koristi bioaktivne tvari iz pa\u017eljivo odabranih biljaka i vitamina kako bi podr\u017eao funkciju srca i krvo\u017eilnog sustava. Ovaj dodatak prehrani djeluje na vi\u0161e na\u010dina:<\/p>\n<ul class=\"pt-[9px] pb-[2px] pl-[24px] list-disc [&amp;_ul]:pt-[5px] pt-[5px]\">\n<li class=\"text-body font-regular leading-[24px] my-[5px] [&amp;&gt;ol]:!pt-0 [&amp;&gt;ol]:!pb-0 [&amp;&gt;ul]:!pt-0 [&amp;&gt;ul]:!pb-0\" value=\"1\">Poma\u017ee smanjenju zadebljanja stijenki krvnih \u017eila, \u010dime se pobolj\u0161ava protok krvi.<\/li>\n<li class=\"text-body font-regular leading-[24px] my-[5px] [&amp;&gt;ol]:!pt-0 [&amp;&gt;ol]:!pb-0 [&amp;&gt;ul]:!pt-0 [&amp;&gt;ul]:!pb-0\" value=\"2\">Pospje\u0161uje opu\u0161tanje mi\u0161i\u0107a krvnih \u017eila, osiguravaju\u0107i normalizaciju krvnog tlaka.<\/li>\n<li class=\"text-body font-regular leading-[24px] my-[5px] [&amp;&gt;ol]:!pt-0 [&amp;&gt;ol]:!pb-0 [&amp;&gt;ul]:!pt-0 [&amp;&gt;ul]:!pb-0\" value=\"3\">Poti\u010de cirkulaciju te doprinosi smanjenju umora i iscrpljenosti.<\/li>\n<li class=\"text-body font-regular leading-[24px] my-[5px] [&amp;&gt;ol]:!pt-0 [&amp;&gt;ol]:!pb-0 [&amp;&gt;ul]:!pt-0 [&amp;&gt;ul]:!pb-0\" value=\"4\">Djeluje antistresno, \u0161to ima pozitivan u\u010dinak i na srce i na op\u0107e stanje tijela.<\/li>\n<\/ul>\n<h2 class=\"font-bold text-h3 leading-[40px] pt-[21px] pb-[2px] [&amp;_a]:underline-offset-[6px] [&amp;_.underline]:underline-offset-[6px]\" dir=\"ltr\">Cardio A Sastav<\/h2>\n<p class=\"text-body font-regular leading-[24px] pt-[9px] pb-[2px]\" dir=\"ltr\">Jedna od najve\u0107ih snaga Cardio A su njegovi pa\u017eljivo odabrani sastojci prirodnog podrijetla. Svaki od njih ima jedinstvena svojstva koja pridonose zdravlju srca i krvo\u017eilnog sustava. Evo kratkog pregleda sastojaka i njihovih u\u010dinaka:<\/p>\n<h3 class=\"font-bold text-h4 leading-[30px] pt-[15px] pb-[2px] [&amp;_a]:underline-offset-[6px] [&amp;_.underline]:underline-offset-[6px]\" dir=\"ltr\">1. <b><strong class=\"font-bold\">Ekstrakt korijena valerijane (Valeriana officinalis) 4:1<\/strong><\/b><\/h3>\n<p class=\"text-body font-regular leading-[24px] pt-[9px] pb-[2px]\" dir=\"ltr\">Poznata po svojim smiruju\u0107im svojstvima, valerijana poma\u017ee u smanjenju stresa i tjeskobe, \u0161to mo\u017ee pozitivno utjecati na sr\u010dani ritam i op\u0107e zdravlje srca.<\/p>\n<h3 class=\"font-bold text-h4 leading-[30px] pt-[15px] pb-[2px] [&amp;_a]:underline-offset-[6px] [&amp;_.underline]:underline-offset-[6px]\" dir=\"ltr\">2. <b><strong class=\"font-bold\">Ekstrakt lista i cvijeta gloga (Crataegus monogyna) 4:1<\/strong><\/b><\/h3>\n<p class=\"text-body font-regular leading-[24px] pt-[9px] pb-[2px]\" dir=\"ltr\">Glog je ve\u0107 stolje\u0107ima poznat kao biljka koja podr\u017eava rad srca. Poma\u017ee u ja\u010danju sr\u010danog mi\u0161i\u0107a, regulaciji krvnog tlaka i pobolj\u0161anju cirkulacije.<\/p>\n<h3 class=\"font-bold text-h4 leading-[30px] pt-[15px] pb-[2px] [&amp;_a]:underline-offset-[6px] [&amp;_.underline]:underline-offset-[6px]\" dir=\"ltr\">3. <b><strong class=\"font-bold\">Ekstrakt lukovice \u010de\u0161njaka (Allium sativum) 1% alicin<\/strong><\/b><\/h3>\n<p class=\"text-body font-regular leading-[24px] pt-[9px] pb-[2px]\" dir=\"ltr\">\u010ce\u0161njak ima sna\u017eno djelovanje na razrje\u0111ivanje krvi i smanjenje kolesterola, \u0161to zna\u010dajno doprinosi prevenciji sr\u010danih problema.<\/p>\n<h3 class=\"font-bold text-h4 leading-[30px] pt-[15px] pb-[2px] [&amp;_a]:underline-offset-[6px] [&amp;_.underline]:underline-offset-[6px]\" dir=\"ltr\">4. <b><strong class=\"font-bold\">Ekstrakt lista ginka (Ginkgo Biloba L.) 4:1<\/strong><\/b><\/h3>\n<p class=\"text-body font-regular leading-[24px] pt-[9px] pb-[2px]\" dir=\"ltr\">Ginko pobolj\u0161ava cirkulaciju i opskrbu mozga kisikom, a dodatno poma\u017ee u sprje\u010davanju nastanka krvnih ugru\u0161aka.<\/p>\n<h3 class=\"font-bold text-h4 leading-[30px] pt-[15px] pb-[2px] [&amp;_a]:underline-offset-[6px] [&amp;_.underline]:underline-offset-[6px]\" dir=\"ltr\">5. <b><strong class=\"font-bold\">Ekstrakt lista koprive (Urtica dioica) 4:1<\/strong><\/b><\/h3>\n<p class=\"text-body font-regular leading-[24px] pt-[9px] pb-[2px]\" dir=\"ltr\">Podr\u0161ka zdravlju krvnih \u017eila i odr\u017eavanje normalne razine hemoglobina u krvi klju\u010dni su benefiti koprive.<\/p>\n<h3 class=\"font-bold text-h4 leading-[30px] pt-[15px] pb-[2px] [&amp;_a]:underline-offset-[6px] [&amp;_.underline]:underline-offset-[6px]\" dir=\"ltr\">6. <b><strong class=\"font-bold\">Vitamini B6, B1, C, E i astaksantin<\/strong><\/b><\/h3>\n<p class=\"text-body font-regular leading-[24px] pt-[9px] pb-[2px]\" dir=\"ltr\">Ovi vitamini sinergijski djeluju kako bi podr\u017eali pravilan rad enzima, sprije\u010dili oksidativni stres i odr\u017eali funkcionalnost srca i krvo\u017eilnog sustava.<\/p>\n<h2 class=\"font-bold text-h3 leading-[40px] pt-[21px] pb-[2px] [&amp;_a]:underline-offset-[6px] [&amp;_.underline]:underline-offset-[6px]\" dir=\"ltr\">Cardio A U\u010dinci i Dobrobiti<\/h2>\n<p class=\"text-body font-regular leading-[24px] pt-[9px] pb-[2px]\" dir=\"ltr\">Cardio A djeluje na vi\u0161e razina kako bi podr\u017eao zdravlje srca i cijelog tijela. Glavne dobrobiti uklju\u010duju:<\/p>\n<ul class=\"pt-[9px] pb-[2px] pl-[24px] list-disc [&amp;_ul]:pt-[5px] pt-[5px]\">\n<li class=\"text-body font-regular leading-[24px] my-[5px] [&amp;&gt;ol]:!pt-0 [&amp;&gt;ol]:!pb-0 [&amp;&gt;ul]:!pt-0 [&amp;&gt;ul]:!pb-0\" value=\"1\"><b><strong class=\"font-bold\">Pobolj\u0161an krvni tlak<\/strong><\/b> \u2013 zahvaljuju\u0107i kombinaciji gloga i valerijane, proizvod poma\u017ee normalizirati tlak.<\/li>\n<li class=\"text-body font-regular leading-[24px] my-[5px] [&amp;&gt;ol]:!pt-0 [&amp;&gt;ol]:!pb-0 [&amp;&gt;ul]:!pt-0 [&amp;&gt;ul]:!pb-0\" value=\"2\"><b><strong class=\"font-bold\">Prevencija krvnih ugru\u0161aka<\/strong><\/b> \u2013 sastojci poput ginka i \u010de\u0161njaka smanjuju rizik od za\u010depljenja krvnih \u017eila.<\/li>\n<li class=\"text-body font-regular leading-[24px] my-[5px] [&amp;&gt;ol]:!pt-0 [&amp;&gt;ol]:!pb-0 [&amp;&gt;ul]:!pt-0 [&amp;&gt;ul]:!pb-0\" value=\"3\"><b><strong class=\"font-bold\">Poja\u010dana cirkulacija<\/strong><\/b> \u2013 bolja cirkulacija zna\u010di vi\u0161e kisika i hranjivih tvari za cijelo tijelo.<\/li>\n<li class=\"text-body font-regular leading-[24px] my-[5px] [&amp;&gt;ol]:!pt-0 [&amp;&gt;ol]:!pb-0 [&amp;&gt;ul]:!pt-0 [&amp;&gt;ul]:!pb-0\" value=\"4\"><b><strong class=\"font-bold\">Smanjenje stresa<\/strong><\/b> \u2013 umiruju\u0107i u\u010dinak valerijane i gloga doprinosi op\u0107enitom osje\u0107aju smirenosti.<\/li>\n<li class=\"text-body font-regular leading-[24px] my-[5px] [&amp;&gt;ol]:!pt-0 [&amp;&gt;ol]:!pb-0 [&amp;&gt;ul]:!pt-0 [&amp;&gt;ul]:!pb-0\" value=\"5\"><b><strong class=\"font-bold\">Podr\u0161ka imunitetu<\/strong><\/b> \u2013 vitamini poput C i E \u010dine va\u0161e tijelo otpornijim na bolesti.<\/li>\n<\/ul>\n<h2 class=\"font-bold text-h3 leading-[40px] pt-[21px] pb-[2px] [&amp;_a]:underline-offset-[6px] [&amp;_.underline]:underline-offset-[6px]\" dir=\"ltr\">Cardio A Upute Za Kori\u0161tenje<\/h2>\n<p class=\"text-body font-regular leading-[24px] pt-[9px] pb-[2px]\" dir=\"ltr\">Uzeti 1 kapsulu dnevno uz obrok ili \u010da\u0161u vode. Redovita uporaba klju\u010dna je za dugoro\u010dne rezultate.<\/p>\n<h2 class=\"font-bold text-h3 leading-[40px] pt-[21px] pb-[2px] [&amp;_a]:underline-offset-[6px] [&amp;_.underline]:underline-offset-[6px]\" dir=\"ltr\">Cardio A Kontraindikacije i Nuspojave<\/h2>\n<p class=\"text-body font-regular leading-[24px] pt-[9px] pb-[2px]\" dir=\"ltr\">Cardio A je siguran proizvod bez poznatih nuspojava. Me\u0111utim, nije namijenjen sljede\u0107im kategorijama korisnika:<\/p>\n<ul class=\"pt-[9px] pb-[2px] pl-[24px] list-disc [&amp;_ul]:pt-[5px] pt-[5px]\">\n<li class=\"text-body font-regular leading-[24px] my-[5px] [&amp;&gt;ol]:!pt-0 [&amp;&gt;ol]:!pb-0 [&amp;&gt;ul]:!pt-0 [&amp;&gt;ul]:!pb-0\" value=\"1\">Djeci<\/li>\n<li class=\"text-body font-regular leading-[24px] my-[5px] [&amp;&gt;ol]:!pt-0 [&amp;&gt;ol]:!pb-0 [&amp;&gt;ul]:!pt-0 [&amp;&gt;ul]:!pb-0\" value=\"2\">Trudnicama i dojiljama<\/li>\n<li class=\"text-body font-regular leading-[24px] my-[5px] [&amp;&gt;ol]:!pt-0 [&amp;&gt;ol]:!pb-0 [&amp;&gt;ul]:!pt-0 [&amp;&gt;ul]:!pb-0\" value=\"3\">Osobama s kroni\u010dnim bolestima bez prethodne konzultacije s lije\u010dnikom<\/li>\n<\/ul>\n<h2 class=\"font-bold text-h3 leading-[40px] pt-[21px] pb-[2px] [&amp;_a]:underline-offset-[6px] [&amp;_.underline]:underline-offset-[6px]\" dir=\"ltr\">Cardio A Iskustva<\/h2>\n<p class=\"text-body font-regular leading-[24px] pt-[9px] pb-[2px]\" dir=\"ltr\">Iskustva korisnika Cardio A dodatka su iznimno pozitivna. Evo \u0161to neki od njih ka\u017eu:<\/p>\n<ul class=\"pt-[9px] pb-[2px] pl-[24px] list-disc [&amp;_ul]:pt-[5px] pt-[5px]\">\n<li class=\"text-body font-regular leading-[24px] my-[5px] [&amp;&gt;ol]:!pt-0 [&amp;&gt;ol]:!pb-0 [&amp;&gt;ul]:!pt-0 [&amp;&gt;ul]:!pb-0\" value=\"1\"><b><strong class=\"font-bold\">Marija, 52 godine:<\/strong><\/b> \u201cGodinama sam imala povi\u0161eni krvni tlak, ali otkad uzimam Cardio A osje\u0107am se puno bolje i smirenije.\u201d<\/li>\n<li class=\"text-body font-regular leading-[24px] my-[5px] [&amp;&gt;ol]:!pt-0 [&amp;&gt;ol]:!pb-0 [&amp;&gt;ul]:!pt-0 [&amp;&gt;ul]:!pb-0\" value=\"2\"><b><strong class=\"font-bold\">Ivan, 45 godina:<\/strong><\/b> \u201cRadim stresan posao i \u010desto osje\u0107am umor. Cardio A mi poma\u017ee da se bolje nosim s pritiskom i osje\u0107am energi\u010dnije.\u201d<\/li>\n<li class=\"text-body font-regular leading-[24px] my-[5px] [&amp;&gt;ol]:!pt-0 [&amp;&gt;ol]:!pb-0 [&amp;&gt;ul]:!pt-0 [&amp;&gt;ul]:!pb-0\" value=\"3\"><b><strong class=\"font-bold\">Ana, 38 godina:<\/strong><\/b> \u201cKoristim Cardio A ve\u0107 dva mjeseca i primijetila sam kako mi je cirkulacija puno bolja, a vi\u0161e i ne osje\u0107am hladno\u0107u u rukama i nogama.\u201d<\/li>\n<\/ul>\n<h2 class=\"font-bold text-h3 leading-[40px] pt-[21px] pb-[2px] [&amp;_a]:underline-offset-[6px] [&amp;_.underline]:underline-offset-[6px]\" dir=\"ltr\">Gdje kupiti Cardio A u Hrvatskoj? Ljekarna, DM, Nju\u0161kalo<\/h2>\n<p class=\"text-body font-regular leading-[24px] pt-[9px] pb-[2px]\" dir=\"ltr\">Iako biste mo\u017eda o\u010dekivali da ga prona\u0111ete u ljekarnama, DM-u ili na platformama poput Nju\u0161kala, Cardio A mo\u017eete kupiti isklju\u010divo na slu\u017ebenoj web stranici proizvo\u0111a\u010da. To osigurava originalnost proizvoda te omogu\u0107ava proizvo\u0111a\u010du da ponudi najbolje cijene i \u010desto nagradi kupce promocijama.<\/p>\n<h2 class=\"font-bold text-h3 leading-[40px] pt-[21px] pb-[2px] [&amp;_a]:underline-offset-[6px] [&amp;_.underline]:underline-offset-[6px]\" dir=\"ltr\">Koliko ko\u0161ta Cardio A? Cijena?<\/h2>\n<p class=\"text-body font-regular leading-[24px] pt-[9px] pb-[2px]\" dir=\"ltr\">Cardio A kapsule dostupne su po cijeni od 39 eura. S obzirom na dugotrajne dobrobiti za zdravlje srca i cijelog organizma, mnogi \u0107e re\u0107i da je to itekako povoljna investicija.<\/p>\n<h2 class=\"font-bold text-h3 leading-[40px] pt-[21px] pb-[2px] [&amp;_a]:underline-offset-[6px] [&amp;_.underline]:underline-offset-[6px]\" dir=\"ltr\">\u010cesto postavljana pitanja<\/h2>\n<h3 class=\"font-bold text-h4 leading-[30px] pt-[15px] pb-[2px] [&amp;_a]:underline-offset-[6px] [&amp;_.underline]:underline-offset-[6px]\" dir=\"ltr\">1. Koliko dugo trebam koristiti Cardio A za vidljive rezultate?<\/h3>\n<p class=\"text-body font-regular leading-[24px] pt-[9px] pb-[2px]\" dir=\"ltr\">Ve\u0107ina korisnika prijavljuje prve pozitivne u\u010dinke nakon nekoliko tjedana redovitog kori\u0161tenja. Preporu\u010duje se kontinuirana uporaba za maksimalne rezultate.<\/p>\n<h3 class=\"font-bold text-h4 leading-[30px] pt-[15px] pb-[2px] [&amp;_a]:underline-offset-[6px] [&amp;_.underline]:underline-offset-[6px]\" dir=\"ltr\">2. Mo\u017ee li se Cardio A koristiti s drugim lijekovima?<\/h3>\n<p class=\"text-body font-regular leading-[24px] pt-[9px] pb-[2px]\" dir=\"ltr\">Ako koristite lijekove za kroni\u010dne bolesti, savjetujte se s lije\u010dnikom prije kori\u0161tenja.<\/p>\n<h3 class=\"font-bold text-h4 leading-[30px] pt-[15px] pb-[2px] [&amp;_a]:underline-offset-[6px] [&amp;_.underline]:underline-offset-[6px]\" dir=\"ltr\">3. Je li Cardio A prikladan za vegane?<\/h3>\n<p class=\"text-body font-regular leading-[24px] pt-[9px] pb-[2px]\" dir=\"ltr\">Da, Cardio A kapsule su 100% veganske.<\/p>\n","protected":false},"excerpt":{"rendered":"<p>Cardio A je dodatak prehrani u obliku kapsula, posebno osmi\u0161ljen kako bi podr\u017eao zdravlje va\u0161eg srca i djelovao umiruju\u0107e na cijelo tijelo. Njegovi pa\u017eljivo odabrani aktivni sastojci poma\u017eu u ja\u010danju krvnih \u017eila, razrje\u0111ivanju krvi te sprje\u010davanju stvaranja krvnih ugru\u0161aka. Tako\u0111er pridonosi za\u0161titi srca i krvo\u017eilnog tkiva od razli\u010ditih o\u0161te\u0107enja. Ovaj proizvod nije samo za one&#8230;<\/p>\n","protected":false},"featured_media":261,"template":"","meta":{"_kad_post_transparent":"default","_kad_post_title":"","_kad_post_layout":"default","_kad_post_sidebar_id":"","_kad_post_content_style":"default","_kad_post_vertical_padding":"default","_kad_post_feature":"","_kad_post_feature_position":"","_kad_post_header":false,"_kad_post_footer":false,"_kad_post_classname":"","iawp_total_views":10},"product_brand":[],"product_cat":[15],"product_tag":[],"class_list":{"0":"post-260","1":"product","2":"type-product","3":"status-publish","4":"has-post-thumbnail","6":"product_cat-zdravlje","8":"first","9":"instock","10":"sale","11":"shipping-taxable","12":"purchasable","13":"product-type-simple","14":"entry","15":"content-bg","16":"loop-entry"},"_links":{"self":[{"href":"https:\/\/www.poliklinikavukovic.com\/ljekarna\/wp-json\/wp\/v2\/product\/260","targetHints":{"allow":["GET"]}}],"collection":[{"href":"https:\/\/www.poliklinikavukovic.com\/ljekarna\/wp-json\/wp\/v2\/product"}],"about":[{"href":"https:\/\/www.poliklinikavukovic.com\/ljekarna\/wp-json\/wp\/v2\/types\/product"}],"wp:featuredmedia":[{"embeddable":true,"href":"https:\/\/www.poliklinikavukovic.com\/ljekarna\/wp-json\/wp\/v2\/media\/261"}],"wp:attachment":[{"href":"https:\/\/www.poliklinikavukovic.com\/ljekarna\/wp-json\/wp\/v2\/media?parent=260"}],"wp:term":[{"taxonomy":"product_brand","embeddable":true,"href":"https:\/\/www.poliklinikavukovic.com\/ljekarna\/wp-json\/wp\/v2\/product_brand?post=260"},{"taxonomy":"product_cat","embeddable":true,"href":"https:\/\/www.poliklinikavukovic.com\/ljekarna\/wp-json\/wp\/v2\/product_cat?post=260"},{"taxonomy":"product_tag","embeddable":true,"href":"https:\/\/www.poliklinikavukovic.com\/ljekarna\/wp-json\/wp\/v2\/product_tag?post=260"}],"curies":[{"name":"wp","href":"https:\/\/api.w.org\/{rel}","templated":true}]}}